{"id":13659,"date":"2023-01-03T18:16:56","date_gmt":"2023-01-03T18:16:56","guid":{"rendered":"https:\/\/irv.abstractioncreative.com\/?post_type=villa&#038;p=13659"},"modified":"2026-04-16T14:29:47","modified_gmt":"2026-04-16T12:29:47","slug":"casa-turquesa","status":"publish","type":"villa","link":"https:\/\/ibizaruralvillas.com\/de\/dorfer\/san-antonio\/casa-turquesa\/","title":{"rendered":"CASA TURQUESA"},"featured_media":9088,"template":"","meta":{"_acf_changed":false,"site-sidebar-layout":"default","site-content-layout":"default","ast-site-content-layout":"default","site-content-style":"default","site-sidebar-style":"default","ast-global-header-display":"","ast-banner-title-visibility":"","ast-main-header-display":"","ast-hfb-above-header-display":"","ast-hfb-below-header-display":"","ast-hfb-mobile-header-display":"","site-post-title":"","ast-breadcrumbs-content":"","ast-featured-img":"","footer-sml-layout":"","ast-disable-related-posts":"","theme-transparent-header-meta":"default","adv-header-id-meta":"","stick-header-meta":"","header-above-stick-meta":"","header-main-stick-meta":"","header-below-stick-meta":"","astra-migrate-meta-layouts":"set","ast-page-background-enabled":"default","ast-page-background-meta":{"desktop":{"background-color":"var(--ast-global-color-4)","background-image":"","background-repeat":"repeat","background-position":"center center","background-size":"auto","background-attachment":"scroll","background-type":"","background-media":"","overlay-type":"","overlay-color":"","overlay-opacity":"","overlay-gradient":""},"tablet":{"background-color":"","background-image":"","background-repeat":"repeat","background-position":"center center","background-size":"auto","background-attachment":"scroll","background-type":"","background-media":"","overlay-type":"","overlay-color":"","overlay-opacity":"","overlay-gradient":""},"mobile":{"background-color":"","background-image":"","background-repeat":"repeat","background-position":"center center","background-size":"auto","background-attachment":"scroll","background-type":"","background-media":"","overlay-type":"","overlay-color":"","overlay-opacity":"","overlay-gradient":""}},"ast-content-background-meta":{"desktop":{"background-color":"var(--ast-global-color-5)","background-image":"","background-repeat":"repeat","background-position":"center center","background-size":"auto","background-attachment":"scroll","background-type":"","background-media":"","overlay-type":"","overlay-color":"","overlay-opacity":"","overlay-gradient":""},"tablet":{"background-color":"var(--ast-global-color-5)","background-image":"","background-repeat":"repeat","background-position":"center center","background-size":"auto","background-attachment":"scroll","background-type":"","background-media":"","overlay-type":"","overlay-color":"","overlay-opacity":"","overlay-gradient":""},"mobile":{"background-color":"var(--ast-global-color-5)","background-image":"","background-repeat":"repeat","background-position":"center center","background-size":"auto","background-attachment":"scroll","background-type":"","background-media":"","overlay-type":"","overlay-color":"","overlay-opacity":"","overlay-gradient":""}},"_joinchat":[]},"location":[284,290],"alquiler":[],"class_list":["post-13659","villa","type-villa","status-publish","has-post-thumbnail","hentry","location-cala-salada-de","location-san-antonio"],"acf":{"sub_title":"<p class=\"MsoNormal\"><span lang=\"PT\" style=\"font-size: 10.0pt; line-height: 115%; mso-ansi-language: PT;\">ESFCTU000007037001086125000000000000000000ETV-1274-E4 Ref. Elefante<\/span><\/p>","gallery":"","guests":12,"bedrooms":6,"bathrooms":6,"popular_amenities":["air_conditioning","alarm","security_box","calefaction","wifi","smart_tv","satellite_tv","stereo","fireplace"],"electrodomestics":["electric_coffee_maker","kettle","washing_machine","dishwasher","iron","hair_dryer","dryer","ironing_board","toaster","hob"],"interior":["shower","linens","towels","pool_towels"],"exterior":["barbecue","garden_furniture","parking","swimming_pool","parasols","deckchairs"],"description":"<h5>Diese moderne und luxuri\u00f6se Villa bietet h\u00f6chste Qualit\u00e4t,Komfort und befindet sich nur einige Minuten von der exklusiven Bucht Cala Salada entfernt. Dank ihrer Lage hat dieses Haus einen traumhaften Panoramablick auf das Meer, die Inseln Can Conejera und S'Illa des Bosc, bis Cala Salada. W\u00e4hrend des ganzen Jahres kann man hier die sagenhaften Sonnenunterg\u00e4nge auf den Terrassen geniessen die auf verschiedenen Ebenen angeordnet und mit Sofas, Betten und Liegen ausgestattet sind.<\/h5>\r\n<h5>Das Haus verteilt sich auf vier Etagen:\r\nErdgeschoss:\r\nHier befindet sich ein grosses Wohnzimmer mit Sofas und Kamin, imi Anschluss ein Esszimmer mit grossem Tisch. Diese Zimmer haben grosse Fenster und sind daher lichtdurchflutet, bieten ebenso einen traumhaften Blick auf das Meer. Vom Esszimmer gelangt man direkt auf einer der Terrassen, ausgestattet mit Sofas und Sonnendach. Beim Esszimmer befindet sich die K\u00fcche, komplett ausgestattet und mit Ausgang nach draussen, um die Versorgung des Einkaufs zu erleichtern oder f\u00fcr das Personal. Auf dieser Etage befindet sich auch ein Doppelzimmer mit Meerblick und en-suite Badezimmer mit Dusche.\r\nMittlere Etage:\r\nVom Wohnzimmer aus f\u00fchren einige Treppen zur mittleren Etage herunter auf der sich 3 Schlafzimmer befinden, alle en-suite und mit Duschen ausgestattet. Die gesamte Bettw\u00e4sche, Handt\u00fccher, Matratzen und M\u00f6bel sind von bester Qualit\u00e4t um den G\u00e4sten den h\u00f6chsten Komfort zu bieten. Zwei Schlafzimmer haben Zugang zu einer zweiten Terrasse mit Sofa und Musikanlage. Auf dieser Etage befindet sich auch eine W\u00e4scherei und ein WC.\r\nUntergeschoss:\r\nZu dieser Etage gelangt man \u00fcber zwei verschiedene Treppen, die Aussen beim Pool und die Treppe innen die zu einem der zwei Schlafzimmer f\u00fchrt das mit einem en-suite Badezimmer ausgestattet ist und einen Ausgang zum Pool hat. Beim Pool befindet sich das andere Schlafzimmer mit Badezimmer.\r\nDie Poolterrasse ist aus Holz und hat eine grosse und komplett ausgestattete Aussenk\u00fcche mit Gasherd, Grill und grossem Tisch mit B\u00e4nken. Sonnenliegen und Sonnenschirme stehen ebenfalls zur Verf\u00fcgung.\r\nObere Etage:\r\nAuf der oberen Etage des Hauses befindet sich eine grosse Terrasse mit Betten und Sofas. Von hier aus hat man den besten Panoramablick auf die Sonnenunterg\u00e4nge. Dank seines Designs und Lage sieht man nicht in das Innere des Hauses was den G\u00e4sten eine totale Privatsph\u00e4re in allen Zimmern bietet.\r\nDiese Villa bietet Musikanlagen in den verschiedenen Bereichen des Hauses, WiFi, Satelliten-TV auf allen Zimmern, Alarmanlage, und Handt\u00fccher f\u00fcr den Pool.<\/h5>","nearby_places":[{"place":"San Antonio","distance":"2,5"},{"place":"Cala Salada","distance":"1,7"},{"place":"San Rafael","distance":"11,5"},{"place":"Cala bassa","distance":"15"},{"place":"Cala Conta","distance":"17"},{"place":"Ibiza","distance":"17"}],"conditions":{"minimum_stay":7,"check_in":"16:00h","check_out":"10:00h","cleaning":"Endreinigung ist im Preis inbegriffen.","deposit":"\u20ac1500","extras":"Leistungen mit Aufpreis: Extra Reinigung, Wechsel der Bettw\u00e4sche \/ Handt\u00fccher \/ Poolhandt\u00fccher w\u00e4hrend der Woche."},"welcome_pack":"yes","booking_widget":"[wpbs id=\"57\" title=\"yes\" legend=\"yes\" legend_position=\"side\" display=\"2\" year=\"0\" month=\"0\" language=\"auto\" start=\"1\" dropdown=\"yes\" jump=\"no\" history=\"1\" tooltip=\"1\" highlighttoday=\"no\" weeknumbers=\"no\" show_prices=\"yes\" form_id=\"87\" form_position=\"bottom\" auto_pending=\"no\" selection_type=\"multiple\" selection_style=\"split\" minimum_days=\"7\" maximum_days=\"0\" booking_start_day=\"6\" booking_end_day=\"6\" show_date_selection=\"yes\"]","calendar_id":"","form_id":""},"featured_image_src":"https:\/\/ibizaruralvillas.com\/wp-content\/uploads\/2022\/12\/villa-ibiza-casa-turquesa-1-1024x658.jpg","villa_price":"","locations":[{"term_id":284,"name":"Cala Salada","slug":"cala-salada-de","term_group":0,"term_taxonomy_id":284,"taxonomy":"location","description":"","parent":797,"count":1,"filter":"raw"},{"term_id":290,"name":"San Antonio","slug":"san-antonio","term_group":0,"term_taxonomy_id":290,"taxonomy":"location","description":"Entdecken Sie unsere Villen in San Antonio, Ibiza. Perfekt f\u00fcr einen unvergesslichen Aufenthalt auf der Insel. Buchen Sie jetzt!","parent":799,"count":2,"filter":"raw"}],"has_booking_calendar":false,"_links":{"self":[{"href":"https:\/\/ibizaruralvillas.com\/de\/wp-json\/wp\/v2\/villa\/13659","targetHints":{"allow":["GET"]}}],"collection":[{"href":"https:\/\/ibizaruralvillas.com\/de\/wp-json\/wp\/v2\/villa"}],"about":[{"href":"https:\/\/ibizaruralvillas.com\/de\/wp-json\/wp\/v2\/types\/villa"}],"wp:featuredmedia":[{"embeddable":true,"href":"https:\/\/ibizaruralvillas.com\/de\/wp-json\/wp\/v2\/media\/9088"}],"wp:attachment":[{"href":"https:\/\/ibizaruralvillas.com\/de\/wp-json\/wp\/v2\/media?parent=13659"}],"wp:term":[{"taxonomy":"location","embeddable":true,"href":"https:\/\/ibizaruralvillas.com\/de\/wp-json\/wp\/v2\/location?post=13659"},{"taxonomy":"alquiler","embeddable":true,"href":"https:\/\/ibizaruralvillas.com\/de\/wp-json\/wp\/v2\/alquiler?post=13659"}],"curies":[{"name":"wp","href":"https:\/\/api.w.org\/{rel}","templated":true}]}}

<h5>Diese moderne und luxuriöse Villa bietet höchste Qualität,Komfort und befindet sich nur einige Minuten von der exklusiven Bucht Cala Salada entfernt. Dank ihrer Lage hat dieses Haus einen traumhaften Panoramablick auf das Meer, die Inseln Can Conejera und S'Illa des Bosc, bis Cala Salada. Während des ganzen Jahres kann man hier die sagenhaften Sonnenuntergänge auf den Terrassen geniessen die auf verschiedenen Ebenen angeordnet und mit Sofas, Betten und Liegen ausgestattet sind.</h5>
<h5>Das Haus verteilt sich auf vier Etagen:
Erdgeschoss:
Hier befindet sich ein grosses Wohnzimmer mit Sofas und Kamin, imi Anschluss ein Esszimmer mit grossem Tisch. Diese Zimmer haben grosse Fenster und sind daher lichtdurchflutet, bieten ebenso einen traumhaften Blick auf das Meer. Vom Esszimmer gelangt man direkt auf einer der Terrassen, ausgestattet mit Sofas und Sonnendach. Beim Esszimmer befindet sich die Küche, komplett ausgestattet und mit Ausgang nach draussen, um die Versorgung des Einkaufs zu erleichtern oder für das Personal. Auf dieser Etage befindet sich auch ein Doppelzimmer mit Meerblick und en-suite Badezimmer mit Dusche.
Mittlere Etage:
Vom Wohnzimmer aus führen einige Treppen zur mittleren Etage herunter auf der sich 3 Schlafzimmer befinden, alle en-suite und mit Duschen ausgestattet. Die gesamte Bettwäsche, Handtücher, Matratzen und Möbel sind von bester Qualität um den Gästen den höchsten Komfort zu bieten. Zwei Schlafzimmer haben Zugang zu einer zweiten Terrasse mit Sofa und Musikanlage. Auf dieser Etage befindet sich auch eine Wäscherei und ein WC.
Untergeschoss:
Zu dieser Etage gelangt man über zwei verschiedene Treppen, die Aussen beim Pool und die Treppe innen die zu einem der zwei Schlafzimmer führt das mit einem en-suite Badezimmer ausgestattet ist und einen Ausgang zum Pool hat. Beim Pool befindet sich das andere Schlafzimmer mit Badezimmer.
Die Poolterrasse ist aus Holz und hat eine grosse und komplett ausgestattete Aussenküche mit Gasherd, Grill und grossem Tisch mit Bänken. Sonnenliegen und Sonnenschirme stehen ebenfalls zur Verfügung.
Obere Etage:
Auf der oberen Etage des Hauses befindet sich eine grosse Terrasse mit Betten und Sofas. Von hier aus hat man den besten Panoramablick auf die Sonnenuntergänge. Dank seines Designs und Lage sieht man nicht in das Innere des Hauses was den Gästen eine totale Privatsphäre in allen Zimmern bietet.
Diese Villa bietet Musikanlagen in den verschiedenen Bereichen des Hauses, WiFi, Satelliten-TV auf allen Zimmern, Alarmanlage, und Handtücher für den Pool.</h5>

Leistungen mit Aufpreis: Extra Reinigung, Wechsel der Bettwäsche / Handtücher / Poolhandtücher während der Woche.

Entdecken Sie unsere Villen in San Antonio, Ibiza. Perfekt für einen unvergesslichen Aufenthalt auf der Insel. Buchen Sie jetzt!
