{"id":13698,"date":"2023-01-02T22:09:15","date_gmt":"2023-01-02T21:09:15","guid":{"rendered":"https:\/\/irv.abstractioncreative.com\/?post_type=villa&#038;p=13698"},"modified":"2026-04-15T16:42:55","modified_gmt":"2026-04-15T14:42:55","slug":"la-masia","status":"publish","type":"villa","link":"https:\/\/ibizaruralvillas.com\/de\/dorfer\/san-jose-de\/la-masia\/","title":{"rendered":"LA MASIA"},"featured_media":10165,"template":"","meta":{"_acf_changed":false,"site-sidebar-layout":"default","site-content-layout":"default","ast-site-content-layout":"default","site-content-style":"default","site-sidebar-style":"default","ast-global-header-display":"","ast-banner-title-visibility":"","ast-main-header-display":"","ast-hfb-above-header-display":"","ast-hfb-below-header-display":"","ast-hfb-mobile-header-display":"","site-post-title":"","ast-breadcrumbs-content":"","ast-featured-img":"","footer-sml-layout":"","ast-disable-related-posts":"","theme-transparent-header-meta":"default","adv-header-id-meta":"","stick-header-meta":"","header-above-stick-meta":"","header-main-stick-meta":"","header-below-stick-meta":"","astra-migrate-meta-layouts":"set","ast-page-background-enabled":"default","ast-page-background-meta":{"desktop":{"background-color":"var(--ast-global-color-4)","background-image":"","background-repeat":"repeat","background-position":"center center","background-size":"auto","background-attachment":"scroll","background-type":"","background-media":"","overlay-type":"","overlay-color":"","overlay-opacity":"","overlay-gradient":""},"tablet":{"background-color":"","background-image":"","background-repeat":"repeat","background-position":"center center","background-size":"auto","background-attachment":"scroll","background-type":"","background-media":"","overlay-type":"","overlay-color":"","overlay-opacity":"","overlay-gradient":""},"mobile":{"background-color":"","background-image":"","background-repeat":"repeat","background-position":"center center","background-size":"auto","background-attachment":"scroll","background-type":"","background-media":"","overlay-type":"","overlay-color":"","overlay-opacity":"","overlay-gradient":""}},"ast-content-background-meta":{"desktop":{"background-color":"var(--ast-global-color-5)","background-image":"","background-repeat":"repeat","background-position":"center center","background-size":"auto","background-attachment":"scroll","background-type":"","background-media":"","overlay-type":"","overlay-color":"","overlay-opacity":"","overlay-gradient":""},"tablet":{"background-color":"var(--ast-global-color-5)","background-image":"","background-repeat":"repeat","background-position":"center center","background-size":"auto","background-attachment":"scroll","background-type":"","background-media":"","overlay-type":"","overlay-color":"","overlay-opacity":"","overlay-gradient":""},"mobile":{"background-color":"var(--ast-global-color-5)","background-image":"","background-repeat":"repeat","background-position":"center center","background-size":"auto","background-attachment":"scroll","background-type":"","background-media":"","overlay-type":"","overlay-color":"","overlay-opacity":"","overlay-gradient":""}},"_joinchat":[]},"location":[259,241],"alquiler":[],"class_list":["post-13698","villa","type-villa","status-publish","has-post-thumbnail","hentry","location-cala-vadella-de","location-san-jose-de"],"acf":{"sub_title":"<p class=\"MsoNormal\"><span lang=\"PT\" style=\"font-size: 10.0pt; line-height: 115%; mso-ansi-language: PT;\">ESFCTU0000070100004916880000000000000000000ET-0594-E0 Ref. Paissa<\/span><\/p>","gallery":[10126,10129,10132,10135,10138,10141,10144,10147,10150,10153,10156,10159,10162,10165,10168,10171,10174,10177,10180,10183,10186,10189,10192,10195,10198,10201,10204,10207,10210,10213,10216,10219],"guests":12,"bedrooms":6,"bathrooms":7,"popular_amenities":["air_conditioning","alarm","security_box","wifi","smart_tv","satellite_tv","stereo","fireplace"],"electrodomestics":["electric_coffee_maker","kettle","washing_machine","dishwasher","iron","hair_dryer","dryer","ironing_board","toaster","hob"],"interior":["shower","linens","towels","pool_towels"],"exterior":["barbecue","garden_furniture","parking","swimming_pool","parasols","deckchairs"],"description":"<h5>Villa La Mas\u00eda ist ein sch\u00f6nes, neu renoviertes Bauernhaus, das im S\u00fcden der Insel liegt: 3 km von San Jose und 2km von Cala Vadella und einfachen Zugang zu wundersch\u00f6nen Str\u00e4nden, wie Cala d\u00b4Hort, Cala Carbo, Cala Tarida, usw. 'La Mas\u00eda' liegt in einer einzigartigen Umgebung mit Blick auf einen sch\u00f6nen Tal und die Berge. Eine Oase von Ruhe und Natur. Das Haus, mit 390m2 gebaut und 1.500m2 von Terrassen und G\u00e4rten liegt auf einem Landgut von 40.000m2.<\/h5>\r\n<h5>Es hat 6 Doppelzimmer: 3 Suiten mit Kingsize-Betten (200x200cm), 2 Suiten mit Einzelbetten (die man in ein Kingsize-Bett umgewandelt werden k\u00f6nnte) und 1 Zweibettzimmer sowie 7 Badezimmer mit Dusche. Die Villa kann bequem bis zu 14 Personen beherbergen. Alle Zimmer sind klimatisiert.<\/h5>\r\n<h5>Im Au\u00dfenbereich genie\u00dft man einen sehr nat\u00fcrlichen Umgebung von Pinienw\u00e4ldern, wo man ein sch\u00f6nes balinesischen Holz-Chill-out und einen urspr\u00fcnglichen kreisf\u00f6rmigen Pool mit griechischen Stil, Sitze und Massaged\u00fcsen finden kann. Es gibt auch einen gro\u00dfen Infinity-Pool Der Hof, rund 300 Jahren alt, ist nach den gleichen alten Techniken der Vergangenheit renoviert geworden, mit nat\u00fcrlichen Materialien: dicke Steinmauern, wei\u00df get\u00fcnchten W\u00e4nden und authentischen Sabina Holzdecken, die eine Mischung von eleganten Stil und gem\u00fctlicher Atmosph\u00e4re bieten.<\/h5>","nearby_places":[{"place":"Cala Vadella","distance":"3"},{"place":"Cala Moli","distance":"5"},{"place":"Cala Tarida","distance":"7,5"},{"place":"Cala d\u00b4Hort","distance":"7,5"},{"place":"San Jose","distance":"4,5"},{"place":"Ibiza","distance":"14,5"}],"conditions":{"minimum_stay":5,"check_in":"16:00h","check_out":"10:00h","cleaning":"Endreinigung ist im Preis inbegriffen.","deposit":"\u20ac1500","extras":"Leistungen mit Aufpreis: Extra Reinigung, Wechsel der Bettw\u00e4sche \/ Handt\u00fccher \/ Poolhandt\u00fccher w\u00e4hrend der Woche."},"welcome_pack":"yes","booking_widget":"[wpbs id=\"51\" title=\"yes\" legend=\"yes\" legend_position=\"side\" display=\"2\" year=\"0\" month=\"0\" language=\"auto\" start=\"1\" dropdown=\"yes\" jump=\"no\" history=\"1\" tooltip=\"1\" highlighttoday=\"no\" weeknumbers=\"no\" show_prices=\"yes\" form_id=\"47\" form_position=\"bottom\" auto_pending=\"no\" selection_type=\"multiple\" selection_style=\"split\" minimum_days=\"5\" maximum_days=\"0\" booking_start_day=\"0\" booking_end_day=\"0\" show_date_selection=\"yes\"]","calendar_id":"","form_id":""},"featured_image_src":"https:\/\/ibizaruralvillas.com\/wp-content\/uploads\/2022\/12\/villa-ibiza-la-masia-14-1024x658.jpg","villa_price":"","locations":[{"term_id":259,"name":"Cala Vadella","slug":"cala-vadella-de","term_group":0,"term_taxonomy_id":259,"taxonomy":"location","description":"","parent":797,"count":6,"filter":"raw"},{"term_id":241,"name":"San Jos\u00e9","slug":"san-jose-de","term_group":0,"term_taxonomy_id":241,"taxonomy":"location","description":"","parent":799,"count":39,"filter":"raw"}],"has_booking_calendar":false,"_links":{"self":[{"href":"https:\/\/ibizaruralvillas.com\/de\/wp-json\/wp\/v2\/villa\/13698","targetHints":{"allow":["GET"]}}],"collection":[{"href":"https:\/\/ibizaruralvillas.com\/de\/wp-json\/wp\/v2\/villa"}],"about":[{"href":"https:\/\/ibizaruralvillas.com\/de\/wp-json\/wp\/v2\/types\/villa"}],"acf:attachment":[{"embeddable":true,"href":"https:\/\/ibizaruralvillas.com\/de\/wp-json\/wp\/v2\/media\/10219"},{"embeddable":true,"href":"https:\/\/ibizaruralvillas.com\/de\/wp-json\/wp\/v2\/media\/10216"},{"embeddable":true,"href":"https:\/\/ibizaruralvillas.com\/de\/wp-json\/wp\/v2\/media\/10213"},{"embeddable":true,"href":"https:\/\/ibizaruralvillas.com\/de\/wp-json\/wp\/v2\/media\/10210"},{"embeddable":true,"href":"https:\/\/ibizaruralvillas.com\/de\/wp-json\/wp\/v2\/media\/10207"},{"embeddable":true,"href":"https:\/\/ibizaruralvillas.com\/de\/wp-json\/wp\/v2\/media\/10204"},{"embeddable":true,"href":"https:\/\/ibizaruralvillas.com\/de\/wp-json\/wp\/v2\/media\/10201"},{"embeddable":true,"href":"https:\/\/ibizaruralvillas.com\/de\/wp-json\/wp\/v2\/media\/10198"},{"embeddable":true,"href":"https:\/\/ibizaruralvillas.com\/de\/wp-json\/wp\/v2\/media\/10195"},{"embeddable":true,"href":"https:\/\/ibizaruralvillas.com\/de\/wp-json\/wp\/v2\/media\/10192"},{"embeddable":true,"href":"https:\/\/ibizaruralvillas.com\/de\/wp-json\/wp\/v2\/media\/10189"},{"embeddable":true,"href":"https:\/\/ibizaruralvillas.com\/de\/wp-json\/wp\/v2\/media\/10186"},{"embeddable":true,"href":"https:\/\/ibizaruralvillas.com\/de\/wp-json\/wp\/v2\/media\/10183"},{"embeddable":true,"href":"https:\/\/ibizaruralvillas.com\/de\/wp-json\/wp\/v2\/media\/10180"},{"embeddable":true,"href":"https:\/\/ibizaruralvillas.com\/de\/wp-json\/wp\/v2\/media\/10177"},{"embeddable":true,"href":"https:\/\/ibizaruralvillas.com\/de\/wp-json\/wp\/v2\/media\/10174"},{"embeddable":true,"href":"https:\/\/ibizaruralvillas.com\/de\/wp-json\/wp\/v2\/media\/10171"},{"embeddable":true,"href":"https:\/\/ibizaruralvillas.com\/de\/wp-json\/wp\/v2\/media\/10168"},{"embeddable":true,"href":"https:\/\/ibizaruralvillas.com\/de\/wp-json\/wp\/v2\/media\/10165"},{"embeddable":true,"href":"https:\/\/ibizaruralvillas.com\/de\/wp-json\/wp\/v2\/media\/10162"},{"embeddable":true,"href":"https:\/\/ibizaruralvillas.com\/de\/wp-json\/wp\/v2\/media\/10159"},{"embeddable":true,"href":"https:\/\/ibizaruralvillas.com\/de\/wp-json\/wp\/v2\/media\/10156"},{"embeddable":true,"href":"https:\/\/ibizaruralvillas.com\/de\/wp-json\/wp\/v2\/media\/10153"},{"embeddable":true,"href":"https:\/\/ibizaruralvillas.com\/de\/wp-json\/wp\/v2\/media\/10150"},{"embeddable":true,"href":"https:\/\/ibizaruralvillas.com\/de\/wp-json\/wp\/v2\/media\/10147"},{"embeddable":true,"href":"https:\/\/ibizaruralvillas.com\/de\/wp-json\/wp\/v2\/media\/10144"},{"embeddable":true,"href":"https:\/\/ibizaruralvillas.com\/de\/wp-json\/wp\/v2\/media\/10141"},{"embeddable":true,"href":"https:\/\/ibizaruralvillas.com\/de\/wp-json\/wp\/v2\/media\/10138"},{"embeddable":true,"href":"https:\/\/ibizaruralvillas.com\/de\/wp-json\/wp\/v2\/media\/10135"},{"embeddable":true,"href":"https:\/\/ibizaruralvillas.com\/de\/wp-json\/wp\/v2\/media\/10132"},{"embeddable":true,"href":"https:\/\/ibizaruralvillas.com\/de\/wp-json\/wp\/v2\/media\/10129"},{"embeddable":true,"href":"https:\/\/ibizaruralvillas.com\/de\/wp-json\/wp\/v2\/media\/10126"}],"wp:featuredmedia":[{"embeddable":true,"href":"https:\/\/ibizaruralvillas.com\/de\/wp-json\/wp\/v2\/media\/10165"}],"wp:attachment":[{"href":"https:\/\/ibizaruralvillas.com\/de\/wp-json\/wp\/v2\/media?parent=13698"}],"wp:term":[{"taxonomy":"location","embeddable":true,"href":"https:\/\/ibizaruralvillas.com\/de\/wp-json\/wp\/v2\/location?post=13698"},{"taxonomy":"alquiler","embeddable":true,"href":"https:\/\/ibizaruralvillas.com\/de\/wp-json\/wp\/v2\/alquiler?post=13698"}],"curies":[{"name":"wp","href":"https:\/\/api.w.org\/{rel}","templated":true}]}}

<h5>Villa La Masía ist ein schönes, neu renoviertes Bauernhaus, das im Süden der Insel liegt: 3 km von San Jose und 2km von Cala Vadella und einfachen Zugang zu wunderschönen Stränden, wie Cala d´Hort, Cala Carbo, Cala Tarida, usw. 'La Masía' liegt in einer einzigartigen Umgebung mit Blick auf einen schönen Tal und die Berge. Eine Oase von Ruhe und Natur. Das Haus, mit 390m2 gebaut und 1.500m2 von Terrassen und Gärten liegt auf einem Landgut von 40.000m2.</h5>
<h5>Es hat 6 Doppelzimmer: 3 Suiten mit Kingsize-Betten (200x200cm), 2 Suiten mit Einzelbetten (die man in ein Kingsize-Bett umgewandelt werden könnte) und 1 Zweibettzimmer sowie 7 Badezimmer mit Dusche. Die Villa kann bequem bis zu 14 Personen beherbergen. Alle Zimmer sind klimatisiert.</h5>
<h5>Im Außenbereich genießt man einen sehr natürlichen Umgebung von Pinienwäldern, wo man ein schönes balinesischen Holz-Chill-out und einen ursprünglichen kreisförmigen Pool mit griechischen Stil, Sitze und Massagedüsen finden kann. Es gibt auch einen großen Infinity-Pool Der Hof, rund 300 Jahren alt, ist nach den gleichen alten Techniken der Vergangenheit renoviert geworden, mit natürlichen Materialien: dicke Steinmauern, weiß getünchten Wänden und authentischen Sabina Holzdecken, die eine Mischung von eleganten Stil und gemütlicher Atmosphäre bieten.</h5>

Leistungen mit Aufpreis: Extra Reinigung, Wechsel der Bettwäsche / Handtücher / Poolhandtücher während der Woche.

San José
