{"id":13706,"date":"2023-01-02T22:18:45","date_gmt":"2023-01-02T21:18:45","guid":{"rendered":"https:\/\/irv.abstractioncreative.com\/?post_type=villa&#038;p=13706"},"modified":"2026-04-16T15:34:20","modified_gmt":"2026-04-16T13:34:20","slug":"es-mirall","status":"publish","type":"villa","link":"https:\/\/ibizaruralvillas.com\/de\/dorfer\/san-jose-de\/es-mirall\/","title":{"rendered":"ES MIRALL"},"featured_media":7948,"template":"","meta":{"_acf_changed":false,"site-sidebar-layout":"default","site-content-layout":"default","ast-site-content-layout":"default","site-content-style":"default","site-sidebar-style":"default","ast-global-header-display":"","ast-banner-title-visibility":"","ast-main-header-display":"","ast-hfb-above-header-display":"","ast-hfb-below-header-display":"","ast-hfb-mobile-header-display":"","site-post-title":"","ast-breadcrumbs-content":"","ast-featured-img":"","footer-sml-layout":"","ast-disable-related-posts":"","theme-transparent-header-meta":"default","adv-header-id-meta":"","stick-header-meta":"","header-above-stick-meta":"","header-main-stick-meta":"","header-below-stick-meta":"","astra-migrate-meta-layouts":"set","ast-page-background-enabled":"default","ast-page-background-meta":{"desktop":{"background-color":"var(--ast-global-color-4)","background-image":"","background-repeat":"repeat","background-position":"center center","background-size":"auto","background-attachment":"scroll","background-type":"","background-media":"","overlay-type":"","overlay-color":"","overlay-opacity":"","overlay-gradient":""},"tablet":{"background-color":"","background-image":"","background-repeat":"repeat","background-position":"center center","background-size":"auto","background-attachment":"scroll","background-type":"","background-media":"","overlay-type":"","overlay-color":"","overlay-opacity":"","overlay-gradient":""},"mobile":{"background-color":"","background-image":"","background-repeat":"repeat","background-position":"center center","background-size":"auto","background-attachment":"scroll","background-type":"","background-media":"","overlay-type":"","overlay-color":"","overlay-opacity":"","overlay-gradient":""}},"ast-content-background-meta":{"desktop":{"background-color":"var(--ast-global-color-5)","background-image":"","background-repeat":"repeat","background-position":"center center","background-size":"auto","background-attachment":"scroll","background-type":"","background-media":"","overlay-type":"","overlay-color":"","overlay-opacity":"","overlay-gradient":""},"tablet":{"background-color":"var(--ast-global-color-5)","background-image":"","background-repeat":"repeat","background-position":"center center","background-size":"auto","background-attachment":"scroll","background-type":"","background-media":"","overlay-type":"","overlay-color":"","overlay-opacity":"","overlay-gradient":""},"mobile":{"background-color":"var(--ast-global-color-5)","background-image":"","background-repeat":"repeat","background-position":"center center","background-size":"auto","background-attachment":"scroll","background-type":"","background-media":"","overlay-type":"","overlay-color":"","overlay-opacity":"","overlay-gradient":""}},"_joinchat":[]},"location":[253,241],"alquiler":[],"class_list":["post-13706","villa","type-villa","status-publish","has-post-thumbnail","hentry","location-cala-bassa-de","location-san-jose-de"],"acf":{"sub_title":"<p class=\"MsoNormal\"><span lang=\"PT\" style=\"font-size: 10.0pt; line-height: 115%; mso-ansi-language: PT;\">ESFCTU0000070100007365360000000000000000000ET-0288-E2 Ref. Es_Calo<\/span><\/p>","gallery":[2806,2807,2808,2809,2810,2811,2812,2813,2814,2815,2816,2817,2818,2819,2820,2821,2822,2823,2824,2825,2826,2827,2828,2829,2830,2831,2832,2833,2834,2835,2836,2837,2838,2839,2840,2841,2842,2843,2844,2845],"guests":12,"bedrooms":6,"bathrooms":6,"popular_amenities":["air_conditioning","alarm","security_box","wifi","smart_tv","satellite_tv","stereo","fireplace"],"electrodomestics":["electric_coffee_maker","kettle","washing_machine","dishwasher","iron","hair_dryer","ironing_board","toaster","hob"],"interior":["bathtub","shower","linens","towels","pool_towels"],"exterior":["barbecue","garden_furniture","parking","swimming_pool","parasols","deckchairs"],"description":"<h5>Spektakul\u00e4re Villa mit Meerblick, moderner Architektur im minimalistischen Stil, an priviligierter Lage, umgeben von Mandelb\u00e4umen und leicht versteckt im Wald, was eine absolute Privatsph\u00e4re bietet. Mit dem Meer immer am Horizont und den wundersch\u00f6nen Sonnenunterg\u00e4ngen bietet dieses Haus ein einzigartes Flair. Das Haus ist gross und sehr hell, es befindet sich oberhalb eines kleinen H\u00fcgels, in einem unangetasteten Wald und mit Blick auf die Inseln La Conejera, die Bucht von Portmany und die endlosen Felder die sich bis San Rafael hinziehen. Die Hauptattraktionen sind das Meer, der Wald und die Sonne. Der Eingang zum Haus geht \u00fcber einen Patio aus Erde von dem grosse weisse Steinplatten den Weg anzeigen. Im Erdgeschoss befinden sich die Wohnbereiche, K\u00fcche, Waschk\u00fcche, G\u00e4ste-WC und zwei Schlafzimmer. Die Zimmer sind alle dem Aussenbereich zugewendet der teilweise \u00fcberdacht ist und dem Poolbereich sowie der Dachterrasse. Das Wohnzimmer geht in das Esszimmer \u00fcber, das ein para Stufen \u00fcber dem Wohnbereich liegt. Die M\u00f6bel in diesem Bereich wurden von den gleichen Architekten entworfen, die auch das Haus entworfen haben und bestehen aus Holz und Bez\u00fcge aus Baumwolle. Der Stil wurde einfach gehalten um den Aussenbereich und den spektakul\u00e4ren Ausblick nicht zu st\u00f6ren, der von der Pergola der Terrasse ausgeht. Das Esszimmer ist der K\u00fcche angeschlossen und kann durch eine Schiebet\u00fcr getrennt werden. Die grossen Fenster bieten einen wunderbaren und ungest\u00f6rten Blick in die Natur. Die K\u00fcche ist sehr hell und dem Wohn- und Esszimmer integriert, ebenso verbunden mit der Terrasse beim Pool. Komplett ausgestattet mit K\u00fchlschrank, Tiefk\u00fchler, K\u00fcche, Backofen, Mikrowelle, Geschirrsp\u00fcler, Nespresso Kaffeemaschine und jede Menge Kochutensilien und K\u00fcchenzubeh\u00f6r. Ein Grillbereich befindet sich am Ende der K\u00fcche. Auf der oberen Etage befindet sich das Haupt-Schlafzimmer mit Fensterfront auf allen 3 Seiten was den Eindruck vermittelt unter freiem Himmel zu schlafen. Es gibt ein Doppelbett, Badezimmer, Ankleideraum en-suite und eine private Terrasse in L-Form mit Blick auf die Umgebung. Auf der unteren Etage befinden sich weitere 2 Schlafzimmer mit 2 Einzelbetten, en-suite Badezimmer, und auf einer weiteren Etage noch 3 Schlafzimmer mit en-suite Badezimmer und je 2 Einzelbetten. Alle Badezimmer sind mit grossen Dusche, Waschbecken und WC ausgestattet, ausser dem Haupt-Schlafzimmer, hier gibt es zus\u00e4tzlich noch eine Badewanne und ein Bidet.<\/h5>\r\n<h5>N\u00c4CHSTE STR\u00c4NDE: Cala Bassa 1,5 km; Port des Torrrent 3,3 km; Cala Conta 4,5 km<\/h5>\r\n<h5>D\u00d6RFER: San Jos\u00e9 8 km, San Antonio 5,5 km, San Agustin 7 km, Ibiza 20 km<\/h5>","nearby_places":[{"place":"Cala Bassa","distance":"1,5"},{"place":"Port des Torrent","distance":"3,3"},{"place":"Cala Conta","distance":"4,5"},{"place":"San Antonio","distance":"5,5"},{"place":"San Augustin","distance":"7"},{"place":"San Jose","distance":"8"},{"place":"Aeropuerto","distance":"20"},{"place":"Ibiza","distance":"23"}],"conditions":{"minimum_stay":4,"check_in":"16:00","check_out":"10:00","cleaning":"T\u00c4GLICHE REINIGUNG und die ENDREINIGUNG sind im Preis inbegriffen.","deposit":"\u20ac3000","extras":"Leistungen mit Aufpreis: Wechsel der Bettw\u00e4sche\/Handt\u00fccher\/Poolhandt\u00fccher, Privatkoch, Fahrer, Sicherheitspersonal."},"welcome_pack":"yes","booking_widget":"[wpbs id=\"43\" title=\"yes\" legend=\"yes\" legend_position=\"side\" display=\"2\" year=\"0\" month=\"0\" language=\"auto\" start=\"1\" dropdown=\"yes\" jump=\"no\" history=\"1\" tooltip=\"1\" highlighttoday=\"no\" weeknumbers=\"no\" show_prices=\"yes\" form_id=\"7\" form_position=\"bottom\" auto_pending=\"no\" selection_type=\"multiple\" selection_style=\"split\" minimum_days=\"4\" maximum_days=\"0\" booking_start_day=\"0\" booking_end_day=\"0\" show_date_selection=\"yes\"]","calendar_id":"","form_id":""},"featured_image_src":"https:\/\/ibizaruralvillas.com\/wp-content\/uploads\/2022\/11\/villa-ibiza-es-mirall-1-1024x585.jpg","villa_price":"","locations":[{"term_id":253,"name":"Cala Bassa","slug":"cala-bassa-de","term_group":0,"term_taxonomy_id":253,"taxonomy":"location","description":"","parent":797,"count":6,"filter":"raw"},{"term_id":241,"name":"San Jos\u00e9","slug":"san-jose-de","term_group":0,"term_taxonomy_id":241,"taxonomy":"location","description":"","parent":799,"count":39,"filter":"raw"}],"has_booking_calendar":false,"_links":{"self":[{"href":"https:\/\/ibizaruralvillas.com\/de\/wp-json\/wp\/v2\/villa\/13706","targetHints":{"allow":["GET"]}}],"collection":[{"href":"https:\/\/ibizaruralvillas.com\/de\/wp-json\/wp\/v2\/villa"}],"about":[{"href":"https:\/\/ibizaruralvillas.com\/de\/wp-json\/wp\/v2\/types\/villa"}],"acf:attachment":[{"embeddable":true,"href":"https:\/\/ibizaruralvillas.com\/de\/wp-json\/wp\/v2\/media\/2845"},{"embeddable":true,"href":"https:\/\/ibizaruralvillas.com\/de\/wp-json\/wp\/v2\/media\/2844"},{"embeddable":true,"href":"https:\/\/ibizaruralvillas.com\/de\/wp-json\/wp\/v2\/media\/2843"},{"embeddable":true,"href":"https:\/\/ibizaruralvillas.com\/de\/wp-json\/wp\/v2\/media\/2842"},{"embeddable":true,"href":"https:\/\/ibizaruralvillas.com\/de\/wp-json\/wp\/v2\/media\/2841"},{"embeddable":true,"href":"https:\/\/ibizaruralvillas.com\/de\/wp-json\/wp\/v2\/media\/2840"},{"embeddable":true,"href":"https:\/\/ibizaruralvillas.com\/de\/wp-json\/wp\/v2\/media\/2839"},{"embeddable":true,"href":"https:\/\/ibizaruralvillas.com\/de\/wp-json\/wp\/v2\/media\/2838"},{"embeddable":true,"href":"https:\/\/ibizaruralvillas.com\/de\/wp-json\/wp\/v2\/media\/2837"},{"embeddable":true,"href":"https:\/\/ibizaruralvillas.com\/de\/wp-json\/wp\/v2\/media\/2836"},{"embeddable":true,"href":"https:\/\/ibizaruralvillas.com\/de\/wp-json\/wp\/v2\/media\/2835"},{"embeddable":true,"href":"https:\/\/ibizaruralvillas.com\/de\/wp-json\/wp\/v2\/media\/2834"},{"embeddable":true,"href":"https:\/\/ibizaruralvillas.com\/de\/wp-json\/wp\/v2\/media\/2833"},{"embeddable":true,"href":"https:\/\/ibizaruralvillas.com\/de\/wp-json\/wp\/v2\/media\/2832"},{"embeddable":true,"href":"https:\/\/ibizaruralvillas.com\/de\/wp-json\/wp\/v2\/media\/2831"},{"embeddable":true,"href":"https:\/\/ibizaruralvillas.com\/de\/wp-json\/wp\/v2\/media\/2830"},{"embeddable":true,"href":"https:\/\/ibizaruralvillas.com\/de\/wp-json\/wp\/v2\/media\/2829"},{"embeddable":true,"href":"https:\/\/ibizaruralvillas.com\/de\/wp-json\/wp\/v2\/media\/2828"},{"embeddable":true,"href":"https:\/\/ibizaruralvillas.com\/de\/wp-json\/wp\/v2\/media\/2827"},{"embeddable":true,"href":"https:\/\/ibizaruralvillas.com\/de\/wp-json\/wp\/v2\/media\/2826"},{"embeddable":true,"href":"https:\/\/ibizaruralvillas.com\/de\/wp-json\/wp\/v2\/media\/2825"},{"embeddable":true,"href":"https:\/\/ibizaruralvillas.com\/de\/wp-json\/wp\/v2\/media\/2824"},{"embeddable":true,"href":"https:\/\/ibizaruralvillas.com\/de\/wp-json\/wp\/v2\/media\/2823"},{"embeddable":true,"href":"https:\/\/ibizaruralvillas.com\/de\/wp-json\/wp\/v2\/media\/2822"},{"embeddable":true,"href":"https:\/\/ibizaruralvillas.com\/de\/wp-json\/wp\/v2\/media\/2821"},{"embeddable":true,"href":"https:\/\/ibizaruralvillas.com\/de\/wp-json\/wp\/v2\/media\/2820"},{"embeddable":true,"href":"https:\/\/ibizaruralvillas.com\/de\/wp-json\/wp\/v2\/media\/2819"},{"embeddable":true,"href":"https:\/\/ibizaruralvillas.com\/de\/wp-json\/wp\/v2\/media\/2818"},{"embeddable":true,"href":"https:\/\/ibizaruralvillas.com\/de\/wp-json\/wp\/v2\/media\/2817"},{"embeddable":true,"href":"https:\/\/ibizaruralvillas.com\/de\/wp-json\/wp\/v2\/media\/2816"},{"embeddable":true,"href":"https:\/\/ibizaruralvillas.com\/de\/wp-json\/wp\/v2\/media\/2815"},{"embeddable":true,"href":"https:\/\/ibizaruralvillas.com\/de\/wp-json\/wp\/v2\/media\/2814"},{"embeddable":true,"href":"https:\/\/ibizaruralvillas.com\/de\/wp-json\/wp\/v2\/media\/2813"},{"embeddable":true,"href":"https:\/\/ibizaruralvillas.com\/de\/wp-json\/wp\/v2\/media\/2812"},{"embeddable":true,"href":"https:\/\/ibizaruralvillas.com\/de\/wp-json\/wp\/v2\/media\/2811"},{"embeddable":true,"href":"https:\/\/ibizaruralvillas.com\/de\/wp-json\/wp\/v2\/media\/2810"},{"embeddable":true,"href":"https:\/\/ibizaruralvillas.com\/de\/wp-json\/wp\/v2\/media\/2809"},{"embeddable":true,"href":"https:\/\/ibizaruralvillas.com\/de\/wp-json\/wp\/v2\/media\/2808"},{"embeddable":true,"href":"https:\/\/ibizaruralvillas.com\/de\/wp-json\/wp\/v2\/media\/2807"},{"embeddable":true,"href":"https:\/\/ibizaruralvillas.com\/de\/wp-json\/wp\/v2\/media\/2806"}],"wp:featuredmedia":[{"embeddable":true,"href":"https:\/\/ibizaruralvillas.com\/de\/wp-json\/wp\/v2\/media\/7948"}],"wp:attachment":[{"href":"https:\/\/ibizaruralvillas.com\/de\/wp-json\/wp\/v2\/media?parent=13706"}],"wp:term":[{"taxonomy":"location","embeddable":true,"href":"https:\/\/ibizaruralvillas.com\/de\/wp-json\/wp\/v2\/location?post=13706"},{"taxonomy":"alquiler","embeddable":true,"href":"https:\/\/ibizaruralvillas.com\/de\/wp-json\/wp\/v2\/alquiler?post=13706"}],"curies":[{"name":"wp","href":"https:\/\/api.w.org\/{rel}","templated":true}]}}

<h5>Spektakuläre Villa mit Meerblick, moderner Architektur im minimalistischen Stil, an priviligierter Lage, umgeben von Mandelbäumen und leicht versteckt im Wald, was eine absolute Privatsphäre bietet. Mit dem Meer immer am Horizont und den wunderschönen Sonnenuntergängen bietet dieses Haus ein einzigartes Flair. Das Haus ist gross und sehr hell, es befindet sich oberhalb eines kleinen Hügels, in einem unangetasteten Wald und mit Blick auf die Inseln La Conejera, die Bucht von Portmany und die endlosen Felder die sich bis San Rafael hinziehen. Die Hauptattraktionen sind das Meer, der Wald und die Sonne. Der Eingang zum Haus geht über einen Patio aus Erde von dem grosse weisse Steinplatten den Weg anzeigen. Im Erdgeschoss befinden sich die Wohnbereiche, Küche, Waschküche, Gäste-WC und zwei Schlafzimmer. Die Zimmer sind alle dem Aussenbereich zugewendet der teilweise überdacht ist und dem Poolbereich sowie der Dachterrasse. Das Wohnzimmer geht in das Esszimmer über, das ein para Stufen über dem Wohnbereich liegt. Die Möbel in diesem Bereich wurden von den gleichen Architekten entworfen, die auch das Haus entworfen haben und bestehen aus Holz und Bezüge aus Baumwolle. Der Stil wurde einfach gehalten um den Aussenbereich und den spektakulären Ausblick nicht zu stören, der von der Pergola der Terrasse ausgeht. Das Esszimmer ist der Küche angeschlossen und kann durch eine Schiebetür getrennt werden. Die grossen Fenster bieten einen wunderbaren und ungestörten Blick in die Natur. Die Küche ist sehr hell und dem Wohn- und Esszimmer integriert, ebenso verbunden mit der Terrasse beim Pool. Komplett ausgestattet mit Kühlschrank, Tiefkühler, Küche, Backofen, Mikrowelle, Geschirrspüler, Nespresso Kaffeemaschine und jede Menge Kochutensilien und Küchenzubehör. Ein Grillbereich befindet sich am Ende der Küche. Auf der oberen Etage befindet sich das Haupt-Schlafzimmer mit Fensterfront auf allen 3 Seiten was den Eindruck vermittelt unter freiem Himmel zu schlafen. Es gibt ein Doppelbett, Badezimmer, Ankleideraum en-suite und eine private Terrasse in L-Form mit Blick auf die Umgebung. Auf der unteren Etage befinden sich weitere 2 Schlafzimmer mit 2 Einzelbetten, en-suite Badezimmer, und auf einer weiteren Etage noch 3 Schlafzimmer mit en-suite Badezimmer und je 2 Einzelbetten. Alle Badezimmer sind mit grossen Dusche, Waschbecken und WC ausgestattet, ausser dem Haupt-Schlafzimmer, hier gibt es zusätzlich noch eine Badewanne und ein Bidet.</h5>
<h5>NÄCHSTE STRÄNDE: Cala Bassa 1,5 km; Port des Torrrent 3,3 km; Cala Conta 4,5 km</h5>
<h5>DÖRFER: San José 8 km, San Antonio 5,5 km, San Agustin 7 km, Ibiza 20 km</h5>

TÄGLICHE REINIGUNG und die ENDREINIGUNG sind im Preis inbegriffen.

Leistungen mit Aufpreis: Wechsel der Bettwäsche/Handtücher/Poolhandtücher, Privatkoch, Fahrer, Sicherheitspersonal.

San José
