{"id":13711,"date":"2023-01-02T22:29:26","date_gmt":"2023-01-02T21:29:26","guid":{"rendered":"https:\/\/irv.abstractioncreative.com\/?post_type=villa&#038;p=13711"},"modified":"2026-04-16T16:21:21","modified_gmt":"2026-04-16T14:21:21","slug":"cana-lluna","status":"publish","type":"villa","link":"https:\/\/ibizaruralvillas.com\/de\/dorfer\/san-jose-de\/cana-lluna\/","title":{"rendered":"CANA LLUNA"},"featured_media":7652,"template":"","meta":{"_acf_changed":false,"site-sidebar-layout":"default","site-content-layout":"default","ast-site-content-layout":"default","site-content-style":"default","site-sidebar-style":"default","ast-global-header-display":"","ast-banner-title-visibility":"","ast-main-header-display":"","ast-hfb-above-header-display":"","ast-hfb-below-header-display":"","ast-hfb-mobile-header-display":"","site-post-title":"","ast-breadcrumbs-content":"","ast-featured-img":"","footer-sml-layout":"","ast-disable-related-posts":"","theme-transparent-header-meta":"default","adv-header-id-meta":"","stick-header-meta":"","header-above-stick-meta":"","header-main-stick-meta":"","header-below-stick-meta":"","astra-migrate-meta-layouts":"set","ast-page-background-enabled":"default","ast-page-background-meta":{"desktop":{"background-color":"var(--ast-global-color-4)","background-image":"","background-repeat":"repeat","background-position":"center center","background-size":"auto","background-attachment":"scroll","background-type":"","background-media":"","overlay-type":"","overlay-color":"","overlay-opacity":"","overlay-gradient":""},"tablet":{"background-color":"","background-image":"","background-repeat":"repeat","background-position":"center center","background-size":"auto","background-attachment":"scroll","background-type":"","background-media":"","overlay-type":"","overlay-color":"","overlay-opacity":"","overlay-gradient":""},"mobile":{"background-color":"","background-image":"","background-repeat":"repeat","background-position":"center center","background-size":"auto","background-attachment":"scroll","background-type":"","background-media":"","overlay-type":"","overlay-color":"","overlay-opacity":"","overlay-gradient":""}},"ast-content-background-meta":{"desktop":{"background-color":"var(--ast-global-color-5)","background-image":"","background-repeat":"repeat","background-position":"center center","background-size":"auto","background-attachment":"scroll","background-type":"","background-media":"","overlay-type":"","overlay-color":"","overlay-opacity":"","overlay-gradient":""},"tablet":{"background-color":"var(--ast-global-color-5)","background-image":"","background-repeat":"repeat","background-position":"center center","background-size":"auto","background-attachment":"scroll","background-type":"","background-media":"","overlay-type":"","overlay-color":"","overlay-opacity":"","overlay-gradient":""},"mobile":{"background-color":"var(--ast-global-color-5)","background-image":"","background-repeat":"repeat","background-position":"center center","background-size":"auto","background-attachment":"scroll","background-type":"","background-media":"","overlay-type":"","overlay-color":"","overlay-opacity":"","overlay-gradient":""}},"_joinchat":[]},"location":[241],"alquiler":[],"class_list":["post-13711","villa","type-villa","status-publish","has-post-thumbnail","hentry","location-san-jose-de"],"acf":{"sub_title":"<p class=\"MsoNormal\"><span style=\"font-size: 10.0pt; line-height: 115%;\">ESFCTU0000070100009030820000000000000000000ET-0590E8 Ref. Lluna<\/span><\/p>","gallery":[2650,2651,2652,2653,2654,2655,2656,2657,2658,2659,2660,2661,2662,2663,2664,2665,2666,2667,2668,2669,2670,2671,2672,2673,2674,2675,2676,2677,2678,2679,2680,2681,2682,2683,2684,2685,2686,2687,2688],"guests":8,"bedrooms":4,"bathrooms":5,"popular_amenities":["air_conditioning","alarm","wifi","smart_tv","satellite_tv","stereo"],"electrodomestics":["electric_coffee_maker","kettle","washing_machine","dishwasher","iron","hair_dryer","ironing_board","toaster","hob"],"interior":["shower","linens","towels","pool_towels"],"exterior":["barbecue","garden_furniture","parking","swimming_pool","parasols","deckchairs"],"description":"<h5>Ein ger\u00e4umiges, helles, k\u00fcrzlich gebautes Haus mit Pool. Es befindet sich nur wenige Gehminuten vom Dorf San Jos\u00e9 entfernt, wo alle Annehmlichkeiten zu finden sind: Superm\u00e4rkte, Fischh\u00e4ndler, B\u00e4ckereien, Restaurants und Caf\u00e9s, Banken und Freizeiteinrichtungen.\r\nDas Haus hat nur eine Etage und ist daher ideal f\u00fcr Kinder und Menschen mit eingeschr\u00e4nkter Mobilit\u00e4t. Es verf\u00fcgt \u00fcber gro\u00dfe Fenster und eine \u00fcberdachte Veranda, so dass Sie sowohl von drinnen als auch von drau\u00dfen einen exklusiven Blick auf das Tal von San Jos\u00e9 genie\u00dfen k\u00f6nnen.\r\nDurch die Hauptt\u00fcr gelangt man in ein ger\u00e4umiges Wohnzimmer mit einem gro\u00dfen bequemen Sofa und einem Fernseher, von dem aus man auf die Terrasse und den Poolbereich gelangt. Im selben Raum befindet sich der Essbereich mit einem Esstisch, an dem 10 Personen Platz finden. Daneben befindet sich die voll ausgestattete K\u00fcche, die ebenfalls auf die Terrasse f\u00fchrt. Ein Korridor f\u00fchrt zu den Schlafzimmern. Zwei davon sind sehr ger\u00e4umig und verf\u00fcgen \u00fcber ein Doppelbett, ein Badezimmer und einen eigenen begehbaren Schrank . Sie haben Zugang zum Garten. Die anderen beiden haben Einzelbetten (eines davon mit 3 Betten), ein eigenes Bad und einen begehbaren Schrank.\r\nDas Haus befindet sich auf einem 2000 m2 gro\u00dfen Grundst\u00fcck mit Pool, Garten mit Rasen und verschiedenen Bereichen mit Tischen und bequemen St\u00fchlen f\u00fcr angenehme Mahlzeiten im Freien oder Cocktails. Es hat auch alle Annehmlichkeiten: Klimaanlage, tragbarer Grill, Alarmanlage, Wifi und ein Soundsystem.<\/h5>\r\n<h5>Das Dorf San Jos\u00e9 ist nur 300 m entfernt. Es liegt 16 km von Ibiza, 10 km vom Flughafen und zwischen 8 und 15 Minuten von den Str\u00e4nden im S\u00fcden und S\u00fcdwesten der Insel entfernt: Cala Vadella, Cala Mol\u00ed, Cala Tarida, Cala Conta, Cala Bassa, Playa Codolar, Cala D\u00b4hort, Cala Carb\u00f3.\r\n*Diese Villa kann in der Nebensaison f\u00fcr 5 N\u00e4chte gemietet werden. Mindestaufenthalt in der Hochsaison ist 7 N\u00e4chte.<\/h5>\r\n&nbsp;","nearby_places":[{"place":"San Jose ","distance":"0,5"},{"place":"Playa Sa Caleta","distance":"9,3"},{"place":"Aeropuerto","distance":"11"},{"place":"Ibiza","distance":"14"}],"conditions":{"minimum_stay":5,"check_in":"16:00h","check_out":"10:00h","cleaning":"Endreinigung ist im Preis inbegriffen.","deposit":"\u20ac800","extras":"Leistungen mit Aufpreis: Extra Reinigung, Wechsel der Bettw\u00e4sche \/ Handt\u00fccher \/ Poolhandt\u00fccher w\u00e4hrend der Woche."},"welcome_pack":"yes","booking_widget":"[wpbs id=\"38\" title=\"yes\" legend=\"yes\" legend_position=\"side\" display=\"2\" year=\"0\" month=\"0\" language=\"auto\" start=\"1\" dropdown=\"yes\" jump=\"no\" history=\"1\" tooltip=\"1\" highlighttoday=\"no\" weeknumbers=\"no\" show_prices=\"yes\" form_id=\"42\" form_position=\"bottom\" auto_pending=\"no\" selection_type=\"multiple\" selection_style=\"split\" minimum_days=\"0\" maximum_days=\"0\" booking_start_day=\"0\" booking_end_day=\"0\" show_date_selection=\"yes\"]","calendar_id":"","form_id":""},"featured_image_src":"https:\/\/ibizaruralvillas.com\/wp-content\/uploads\/2022\/11\/villa-ibiza-cana-lluna-1-1024x595.jpg","villa_price":"","locations":[{"term_id":241,"name":"San Jos\u00e9","slug":"san-jose-de","term_group":0,"term_taxonomy_id":241,"taxonomy":"location","description":"","parent":799,"count":39,"filter":"raw"}],"has_booking_calendar":false,"_links":{"self":[{"href":"https:\/\/ibizaruralvillas.com\/de\/wp-json\/wp\/v2\/villa\/13711","targetHints":{"allow":["GET"]}}],"collection":[{"href":"https:\/\/ibizaruralvillas.com\/de\/wp-json\/wp\/v2\/villa"}],"about":[{"href":"https:\/\/ibizaruralvillas.com\/de\/wp-json\/wp\/v2\/types\/villa"}],"acf:attachment":[{"embeddable":true,"href":"https:\/\/ibizaruralvillas.com\/de\/wp-json\/wp\/v2\/media\/2688"},{"embeddable":true,"href":"https:\/\/ibizaruralvillas.com\/de\/wp-json\/wp\/v2\/media\/2687"},{"embeddable":true,"href":"https:\/\/ibizaruralvillas.com\/de\/wp-json\/wp\/v2\/media\/2686"},{"embeddable":true,"href":"https:\/\/ibizaruralvillas.com\/de\/wp-json\/wp\/v2\/media\/2685"},{"embeddable":true,"href":"https:\/\/ibizaruralvillas.com\/de\/wp-json\/wp\/v2\/media\/2684"},{"embeddable":true,"href":"https:\/\/ibizaruralvillas.com\/de\/wp-json\/wp\/v2\/media\/2683"},{"embeddable":true,"href":"https:\/\/ibizaruralvillas.com\/de\/wp-json\/wp\/v2\/media\/2682"},{"embeddable":true,"href":"https:\/\/ibizaruralvillas.com\/de\/wp-json\/wp\/v2\/media\/2681"},{"embeddable":true,"href":"https:\/\/ibizaruralvillas.com\/de\/wp-json\/wp\/v2\/media\/2680"},{"embeddable":true,"href":"https:\/\/ibizaruralvillas.com\/de\/wp-json\/wp\/v2\/media\/2679"},{"embeddable":true,"href":"https:\/\/ibizaruralvillas.com\/de\/wp-json\/wp\/v2\/media\/2678"},{"embeddable":true,"href":"https:\/\/ibizaruralvillas.com\/de\/wp-json\/wp\/v2\/media\/2677"},{"embeddable":true,"href":"https:\/\/ibizaruralvillas.com\/de\/wp-json\/wp\/v2\/media\/2676"},{"embeddable":true,"href":"https:\/\/ibizaruralvillas.com\/de\/wp-json\/wp\/v2\/media\/2675"},{"embeddable":true,"href":"https:\/\/ibizaruralvillas.com\/de\/wp-json\/wp\/v2\/media\/2674"},{"embeddable":true,"href":"https:\/\/ibizaruralvillas.com\/de\/wp-json\/wp\/v2\/media\/2673"},{"embeddable":true,"href":"https:\/\/ibizaruralvillas.com\/de\/wp-json\/wp\/v2\/media\/2672"},{"embeddable":true,"href":"https:\/\/ibizaruralvillas.com\/de\/wp-json\/wp\/v2\/media\/2671"},{"embeddable":true,"href":"https:\/\/ibizaruralvillas.com\/de\/wp-json\/wp\/v2\/media\/2670"},{"embeddable":true,"href":"https:\/\/ibizaruralvillas.com\/de\/wp-json\/wp\/v2\/media\/2669"},{"embeddable":true,"href":"https:\/\/ibizaruralvillas.com\/de\/wp-json\/wp\/v2\/media\/2668"},{"embeddable":true,"href":"https:\/\/ibizaruralvillas.com\/de\/wp-json\/wp\/v2\/media\/2667"},{"embeddable":true,"href":"https:\/\/ibizaruralvillas.com\/de\/wp-json\/wp\/v2\/media\/2666"},{"embeddable":true,"href":"https:\/\/ibizaruralvillas.com\/de\/wp-json\/wp\/v2\/media\/2665"},{"embeddable":true,"href":"https:\/\/ibizaruralvillas.com\/de\/wp-json\/wp\/v2\/media\/2664"},{"embeddable":true,"href":"https:\/\/ibizaruralvillas.com\/de\/wp-json\/wp\/v2\/media\/2663"},{"embeddable":true,"href":"https:\/\/ibizaruralvillas.com\/de\/wp-json\/wp\/v2\/media\/2662"},{"embeddable":true,"href":"https:\/\/ibizaruralvillas.com\/de\/wp-json\/wp\/v2\/media\/2661"},{"embeddable":true,"href":"https:\/\/ibizaruralvillas.com\/de\/wp-json\/wp\/v2\/media\/2660"},{"embeddable":true,"href":"https:\/\/ibizaruralvillas.com\/de\/wp-json\/wp\/v2\/media\/2659"},{"embeddable":true,"href":"https:\/\/ibizaruralvillas.com\/de\/wp-json\/wp\/v2\/media\/2658"},{"embeddable":true,"href":"https:\/\/ibizaruralvillas.com\/de\/wp-json\/wp\/v2\/media\/2657"},{"embeddable":true,"href":"https:\/\/ibizaruralvillas.com\/de\/wp-json\/wp\/v2\/media\/2656"},{"embeddable":true,"href":"https:\/\/ibizaruralvillas.com\/de\/wp-json\/wp\/v2\/media\/2655"},{"embeddable":true,"href":"https:\/\/ibizaruralvillas.com\/de\/wp-json\/wp\/v2\/media\/2654"},{"embeddable":true,"href":"https:\/\/ibizaruralvillas.com\/de\/wp-json\/wp\/v2\/media\/2653"},{"embeddable":true,"href":"https:\/\/ibizaruralvillas.com\/de\/wp-json\/wp\/v2\/media\/2652"},{"embeddable":true,"href":"https:\/\/ibizaruralvillas.com\/de\/wp-json\/wp\/v2\/media\/2651"},{"embeddable":true,"href":"https:\/\/ibizaruralvillas.com\/de\/wp-json\/wp\/v2\/media\/2650"}],"wp:featuredmedia":[{"embeddable":true,"href":"https:\/\/ibizaruralvillas.com\/de\/wp-json\/wp\/v2\/media\/7652"}],"wp:attachment":[{"href":"https:\/\/ibizaruralvillas.com\/de\/wp-json\/wp\/v2\/media?parent=13711"}],"wp:term":[{"taxonomy":"location","embeddable":true,"href":"https:\/\/ibizaruralvillas.com\/de\/wp-json\/wp\/v2\/location?post=13711"},{"taxonomy":"alquiler","embeddable":true,"href":"https:\/\/ibizaruralvillas.com\/de\/wp-json\/wp\/v2\/alquiler?post=13711"}],"curies":[{"name":"wp","href":"https:\/\/api.w.org\/{rel}","templated":true}]}}

<h5>Ein geräumiges, helles, kürzlich gebautes Haus mit Pool. Es befindet sich nur wenige Gehminuten vom Dorf San José entfernt, wo alle Annehmlichkeiten zu finden sind: Supermärkte, Fischhändler, Bäckereien, Restaurants und Cafés, Banken und Freizeiteinrichtungen.
Das Haus hat nur eine Etage und ist daher ideal für Kinder und Menschen mit eingeschränkter Mobilität. Es verfügt über große Fenster und eine überdachte Veranda, so dass Sie sowohl von drinnen als auch von draußen einen exklusiven Blick auf das Tal von San José genießen können.
Durch die Haupttür gelangt man in ein geräumiges Wohnzimmer mit einem großen bequemen Sofa und einem Fernseher, von dem aus man auf die Terrasse und den Poolbereich gelangt. Im selben Raum befindet sich der Essbereich mit einem Esstisch, an dem 10 Personen Platz finden. Daneben befindet sich die voll ausgestattete Küche, die ebenfalls auf die Terrasse führt. Ein Korridor führt zu den Schlafzimmern. Zwei davon sind sehr geräumig und verfügen über ein Doppelbett, ein Badezimmer und einen eigenen begehbaren Schrank . Sie haben Zugang zum Garten. Die anderen beiden haben Einzelbetten (eines davon mit 3 Betten), ein eigenes Bad und einen begehbaren Schrank.
Das Haus befindet sich auf einem 2000 m2 großen Grundstück mit Pool, Garten mit Rasen und verschiedenen Bereichen mit Tischen und bequemen Stühlen für angenehme Mahlzeiten im Freien oder Cocktails. Es hat auch alle Annehmlichkeiten: Klimaanlage, tragbarer Grill, Alarmanlage, Wifi und ein Soundsystem.</h5>
<h5>Das Dorf San José ist nur 300 m entfernt. Es liegt 16 km von Ibiza, 10 km vom Flughafen und zwischen 8 und 15 Minuten von den Stränden im Süden und Südwesten der Insel entfernt: Cala Vadella, Cala Molí, Cala Tarida, Cala Conta, Cala Bassa, Playa Codolar, Cala D´hort, Cala Carbó.
*Diese Villa kann in der Nebensaison für 5 Nächte gemietet werden. Mindestaufenthalt in der Hochsaison ist 7 Nächte.</h5>
&nbsp;

Leistungen mit Aufpreis: Extra Reinigung, Wechsel der Bettwäsche / Handtücher / Poolhandtücher während der Woche.

San José
