{"id":13718,"date":"2023-01-02T22:36:52","date_gmt":"2023-01-02T21:36:52","guid":{"rendered":"https:\/\/irv.abstractioncreative.com\/?post_type=villa&#038;p=13718"},"modified":"2026-04-29T17:01:08","modified_gmt":"2026-04-29T15:01:08","slug":"cas-mari","status":"publish","type":"villa","link":"https:\/\/ibizaruralvillas.com\/de\/dorfer\/san-jose-de\/cas-mari\/","title":{"rendered":"CAS MARI"},"featured_media":5420,"template":"","meta":{"_acf_changed":false,"site-sidebar-layout":"default","site-content-layout":"default","ast-site-content-layout":"default","site-content-style":"default","site-sidebar-style":"default","ast-global-header-display":"","ast-banner-title-visibility":"","ast-main-header-display":"","ast-hfb-above-header-display":"","ast-hfb-below-header-display":"","ast-hfb-mobile-header-display":"","site-post-title":"","ast-breadcrumbs-content":"","ast-featured-img":"","footer-sml-layout":"","ast-disable-related-posts":"","theme-transparent-header-meta":"default","adv-header-id-meta":"","stick-header-meta":"","header-above-stick-meta":"","header-main-stick-meta":"","header-below-stick-meta":"","astra-migrate-meta-layouts":"set","ast-page-background-enabled":"default","ast-page-background-meta":{"desktop":{"background-color":"var(--ast-global-color-4)","background-image":"","background-repeat":"repeat","background-position":"center center","background-size":"auto","background-attachment":"scroll","background-type":"","background-media":"","overlay-type":"","overlay-color":"","overlay-opacity":"","overlay-gradient":""},"tablet":{"background-color":"","background-image":"","background-repeat":"repeat","background-position":"center center","background-size":"auto","background-attachment":"scroll","background-type":"","background-media":"","overlay-type":"","overlay-color":"","overlay-opacity":"","overlay-gradient":""},"mobile":{"background-color":"","background-image":"","background-repeat":"repeat","background-position":"center center","background-size":"auto","background-attachment":"scroll","background-type":"","background-media":"","overlay-type":"","overlay-color":"","overlay-opacity":"","overlay-gradient":""}},"ast-content-background-meta":{"desktop":{"background-color":"var(--ast-global-color-5)","background-image":"","background-repeat":"repeat","background-position":"center center","background-size":"auto","background-attachment":"scroll","background-type":"","background-media":"","overlay-type":"","overlay-color":"","overlay-opacity":"","overlay-gradient":""},"tablet":{"background-color":"var(--ast-global-color-5)","background-image":"","background-repeat":"repeat","background-position":"center center","background-size":"auto","background-attachment":"scroll","background-type":"","background-media":"","overlay-type":"","overlay-color":"","overlay-opacity":"","overlay-gradient":""},"mobile":{"background-color":"var(--ast-global-color-5)","background-image":"","background-repeat":"repeat","background-position":"center center","background-size":"auto","background-attachment":"scroll","background-type":"","background-media":"","overlay-type":"","overlay-color":"","overlay-opacity":"","overlay-gradient":""}},"_joinchat":[]},"location":[241],"alquiler":[],"class_list":["post-13718","villa","type-villa","status-publish","has-post-thumbnail","hentry","location-san-jose-de"],"acf":{"sub_title":"<p class=\"MsoNormal\"><span style=\"font-size: 10.0pt; line-height: 115%;\">ESFCTU0000070100007216480000000000000000000ET-0591-E1 Ref. Can Pis<\/span><\/p>","gallery":[2183,2184,2185,2186,2187,2188,2189,2190,2191,2192,2193,2194,2195,2196,2197,2198,2199,2200,2201,2202],"guests":4,"bedrooms":2,"bathrooms":2,"popular_amenities":["air_conditioning","wifi","smart_tv","stereo"],"electrodomestics":["electric_coffee_maker","kettle","washing_machine","dishwasher","iron","hair_dryer","ironing_board","toaster","hob"],"interior":["shower","linens","towels","pool_towels"],"exterior":["garden_furniture","parking","swimming_pool","parasols","deckchairs"],"description":"<h5>Ein kleines Haus im Bungalowstil, komplett ausgestattet mit zwei Schlafzimmern, zwei Badezimmern, Klimaanlage im Wohnzimmer, einer K\u00fcche mit Fr\u00fchst\u00fcckstheke und einem Wohnzimmer, das auf eine gro\u00dfz\u00fcgige Veranda mit Tischen, St\u00fchlen und Gartenm\u00f6beln f\u00fchrt. Es liegt in einer sehr ruhigen, nat\u00fcrlichen Umgebung und dennoch ganz in der N\u00e4he des Dorfes San Jos\u00e9, wo es Superm\u00e4rkte, eine Metzgerei, eine Apotheke, Banken, Restaurants, Caf\u00e9s usw. gibt. Es ist ein charmantes Dorf mit einem lokalen Kunsthandwerksmarkt, auf dem von April bis Oktober jeden Samstag Live-Musik gespielt wird. Die n\u00e4chsten Str\u00e4nde sind zwischen 8 und 10 Minuten entfernt, darunter Cala Moli, Cala Vadella und Cala Tarida, w\u00e4hrend der Strand von Cala Conta 12 km entfernt ist \u2013 einer der besten Str\u00e4nde, um den Sonnenuntergang zu beobachten, mit Restaurants, in denen Sie fr\u00fchst\u00fccken, zu Mittag oder zu Abend essen k\u00f6nnen, w\u00e4hrend Sie den Sonnenuntergang bewundern, oder einfach einen Happen essen und eine Tapa mit einem Bier oder einem Glas guten Weins genie\u00dfen. Der Strand von Cala Conta selbst ist wirklich bezaubernd und hat eine sehr familienfreundliche Atmosph\u00e4re. Das Ferienhaus verf\u00fcgt \u00fcber einen Gemeinschaftspool. Der Pool ist von 10:00 bis 20:00 Uhr ge\u00f6ffnet.<\/h5>","nearby_places":[{"place":"Cala Moli","distance":"7"},{"place":"Cala Tarida","distance":"7,5"},{"place":"Cala Vadella","distance":"8,5"},{"place":"Cala Bassa","distance":"8,5"},{"place":"Cala Conta","distance":"10,5"},{"place":"Cala d\u00b4Hort","distance":"11"},{"place":"San Jose","distance":"0,85"},{"place":"San Augustin","distance":"3"},{"place":"San Jordi","distance":"13"},{"place":"Ibiza","distance":"14"}],"conditions":{"minimum_stay":5,"check_in":"16:00h","check_out":"10:00h","cleaning":"Die Endreinigung ist im Preis inbegriffen.","deposit":"\u20ac500","extras":"Leistungen mit Aufpreis: Extra Reinigung, Wechsel der Bettw\u00e4sche \/ Handt\u00fccher \/ Poolhandt\u00fccher w\u00e4hrend der Woche."},"welcome_pack":"yes","booking_widget":"[wpbs id=\"30\" title=\"yes\" legend=\"yes\" legend_position=\"side\" display=\"2\" year=\"0\" month=\"0\" language=\"auto\" start=\"1\" dropdown=\"yes\" jump=\"no\" history=\"1\" tooltip=\"1\" highlighttoday=\"no\" weeknumbers=\"no\" show_prices=\"yes\" form_id=\"39\" form_position=\"bottom\" auto_pending=\"yes\" selection_type=\"multiple\" selection_style=\"split\" minimum_days=\"0\" maximum_days=\"0\" booking_start_day=\"0\" booking_end_day=\"0\" show_date_selection=\"yes\"]","calendar_id":"","form_id":""},"featured_image_src":"https:\/\/ibizaruralvillas.com\/wp-content\/uploads\/2022\/11\/villa_ibiza_cas_mari_1-1024x585.jpg","villa_price":"","locations":[{"term_id":241,"name":"San Jos\u00e9","slug":"san-jose-de","term_group":0,"term_taxonomy_id":241,"taxonomy":"location","description":"","parent":799,"count":39,"filter":"raw"}],"has_booking_calendar":true,"_links":{"self":[{"href":"https:\/\/ibizaruralvillas.com\/de\/wp-json\/wp\/v2\/villa\/13718","targetHints":{"allow":["GET"]}}],"collection":[{"href":"https:\/\/ibizaruralvillas.com\/de\/wp-json\/wp\/v2\/villa"}],"about":[{"href":"https:\/\/ibizaruralvillas.com\/de\/wp-json\/wp\/v2\/types\/villa"}],"acf:attachment":[{"embeddable":true,"href":"https:\/\/ibizaruralvillas.com\/de\/wp-json\/wp\/v2\/media\/2202"},{"embeddable":true,"href":"https:\/\/ibizaruralvillas.com\/de\/wp-json\/wp\/v2\/media\/2201"},{"embeddable":true,"href":"https:\/\/ibizaruralvillas.com\/de\/wp-json\/wp\/v2\/media\/2200"},{"embeddable":true,"href":"https:\/\/ibizaruralvillas.com\/de\/wp-json\/wp\/v2\/media\/2199"},{"embeddable":true,"href":"https:\/\/ibizaruralvillas.com\/de\/wp-json\/wp\/v2\/media\/2198"},{"embeddable":true,"href":"https:\/\/ibizaruralvillas.com\/de\/wp-json\/wp\/v2\/media\/2197"},{"embeddable":true,"href":"https:\/\/ibizaruralvillas.com\/de\/wp-json\/wp\/v2\/media\/2196"},{"embeddable":true,"href":"https:\/\/ibizaruralvillas.com\/de\/wp-json\/wp\/v2\/media\/2195"},{"embeddable":true,"href":"https:\/\/ibizaruralvillas.com\/de\/wp-json\/wp\/v2\/media\/2194"},{"embeddable":true,"href":"https:\/\/ibizaruralvillas.com\/de\/wp-json\/wp\/v2\/media\/2193"},{"embeddable":true,"href":"https:\/\/ibizaruralvillas.com\/de\/wp-json\/wp\/v2\/media\/2192"},{"embeddable":true,"href":"https:\/\/ibizaruralvillas.com\/de\/wp-json\/wp\/v2\/media\/2191"},{"embeddable":true,"href":"https:\/\/ibizaruralvillas.com\/de\/wp-json\/wp\/v2\/media\/2190"},{"embeddable":true,"href":"https:\/\/ibizaruralvillas.com\/de\/wp-json\/wp\/v2\/media\/2189"},{"embeddable":true,"href":"https:\/\/ibizaruralvillas.com\/de\/wp-json\/wp\/v2\/media\/2188"},{"embeddable":true,"href":"https:\/\/ibizaruralvillas.com\/de\/wp-json\/wp\/v2\/media\/2187"},{"embeddable":true,"href":"https:\/\/ibizaruralvillas.com\/de\/wp-json\/wp\/v2\/media\/2186"},{"embeddable":true,"href":"https:\/\/ibizaruralvillas.com\/de\/wp-json\/wp\/v2\/media\/2185"},{"embeddable":true,"href":"https:\/\/ibizaruralvillas.com\/de\/wp-json\/wp\/v2\/media\/2184"},{"embeddable":true,"href":"https:\/\/ibizaruralvillas.com\/de\/wp-json\/wp\/v2\/media\/2183"}],"wp:featuredmedia":[{"embeddable":true,"href":"https:\/\/ibizaruralvillas.com\/de\/wp-json\/wp\/v2\/media\/5420"}],"wp:attachment":[{"href":"https:\/\/ibizaruralvillas.com\/de\/wp-json\/wp\/v2\/media?parent=13718"}],"wp:term":[{"taxonomy":"location","embeddable":true,"href":"https:\/\/ibizaruralvillas.com\/de\/wp-json\/wp\/v2\/location?post=13718"},{"taxonomy":"alquiler","embeddable":true,"href":"https:\/\/ibizaruralvillas.com\/de\/wp-json\/wp\/v2\/alquiler?post=13718"}],"curies":[{"name":"wp","href":"https:\/\/api.w.org\/{rel}","templated":true}]}}

<h5>Ein kleines Haus im Bungalowstil, komplett ausgestattet mit zwei Schlafzimmern, zwei Badezimmern, Klimaanlage im Wohnzimmer, einer Küche mit Frühstückstheke und einem Wohnzimmer, das auf eine großzügige Veranda mit Tischen, Stühlen und Gartenmöbeln führt. Es liegt in einer sehr ruhigen, natürlichen Umgebung und dennoch ganz in der Nähe des Dorfes San José, wo es Supermärkte, eine Metzgerei, eine Apotheke, Banken, Restaurants, Cafés usw. gibt. Es ist ein charmantes Dorf mit einem lokalen Kunsthandwerksmarkt, auf dem von April bis Oktober jeden Samstag Live-Musik gespielt wird. Die nächsten Strände sind zwischen 8 und 10 Minuten entfernt, darunter Cala Moli, Cala Vadella und Cala Tarida, während der Strand von Cala Conta 12 km entfernt ist – einer der besten Strände, um den Sonnenuntergang zu beobachten, mit Restaurants, in denen Sie frühstücken, zu Mittag oder zu Abend essen können, während Sie den Sonnenuntergang bewundern, oder einfach einen Happen essen und eine Tapa mit einem Bier oder einem Glas guten Weins genießen. Der Strand von Cala Conta selbst ist wirklich bezaubernd und hat eine sehr familienfreundliche Atmosphäre. Das Ferienhaus verfügt über einen Gemeinschaftspool. Der Pool ist von 10:00 bis 20:00 Uhr geöffnet.</h5>

Leistungen mit Aufpreis: Extra Reinigung, Wechsel der Bettwäsche / Handtücher / Poolhandtücher während der Woche.

San José
