{"id":13728,"date":"2023-01-02T22:45:19","date_gmt":"2023-01-02T21:45:19","guid":{"rendered":"https:\/\/irv.abstractioncreative.com\/?post_type=villa&#038;p=13728"},"modified":"2025-09-05T16:42:56","modified_gmt":"2025-09-05T14:42:56","slug":"sa-ganzaia","status":"publish","type":"villa","link":"https:\/\/ibizaruralvillas.com\/de\/miete\/sa-ganzaia\/","title":{"rendered":"SA GANZAIA"},"featured_media":15839,"template":"","meta":{"_acf_changed":false,"site-sidebar-layout":"default","site-content-layout":"default","ast-site-content-layout":"default","site-content-style":"default","site-sidebar-style":"default","ast-global-header-display":"","ast-banner-title-visibility":"","ast-main-header-display":"","ast-hfb-above-header-display":"","ast-hfb-below-header-display":"","ast-hfb-mobile-header-display":"","site-post-title":"","ast-breadcrumbs-content":"","ast-featured-img":"","footer-sml-layout":"","ast-disable-related-posts":"","theme-transparent-header-meta":"default","adv-header-id-meta":"","stick-header-meta":"","header-above-stick-meta":"","header-main-stick-meta":"","header-below-stick-meta":"","astra-migrate-meta-layouts":"set","ast-page-background-enabled":"default","ast-page-background-meta":{"desktop":{"background-color":"var(--ast-global-color-4)","background-image":"","background-repeat":"repeat","background-position":"center center","background-size":"auto","background-attachment":"scroll","background-type":"","background-media":"","overlay-type":"","overlay-color":"","overlay-opacity":"","overlay-gradient":""},"tablet":{"background-color":"","background-image":"","background-repeat":"repeat","background-position":"center center","background-size":"auto","background-attachment":"scroll","background-type":"","background-media":"","overlay-type":"","overlay-color":"","overlay-opacity":"","overlay-gradient":""},"mobile":{"background-color":"","background-image":"","background-repeat":"repeat","background-position":"center center","background-size":"auto","background-attachment":"scroll","background-type":"","background-media":"","overlay-type":"","overlay-color":"","overlay-opacity":"","overlay-gradient":""}},"ast-content-background-meta":{"desktop":{"background-color":"var(--ast-global-color-5)","background-image":"","background-repeat":"repeat","background-position":"center center","background-size":"auto","background-attachment":"scroll","background-type":"","background-media":"","overlay-type":"","overlay-color":"","overlay-opacity":"","overlay-gradient":""},"tablet":{"background-color":"var(--ast-global-color-5)","background-image":"","background-repeat":"repeat","background-position":"center center","background-size":"auto","background-attachment":"scroll","background-type":"","background-media":"","overlay-type":"","overlay-color":"","overlay-opacity":"","overlay-gradient":""},"mobile":{"background-color":"var(--ast-global-color-5)","background-image":"","background-repeat":"repeat","background-position":"center center","background-size":"auto","background-attachment":"scroll","background-type":"","background-media":"","overlay-type":"","overlay-color":"","overlay-opacity":"","overlay-gradient":""}},"_joinchat":[]},"location":[272,241],"alquiler":[],"class_list":["post-13728","villa","type-villa","status-publish","has-post-thumbnail","hentry","location-cala-tarida-de","location-san-jose-de"],"acf":{"sub_title":"<h6 class=\"subtituloficha\">Ref. Ganzaia\u00a0 ESFCTU0000070100005315440000000000000000000ET-0278-E5<\/h6>","gallery":[17956,15882,15879,15861,15864,15921,15927,15870,15873,15876,15885,15840,15843,15846,15849,15852,15855,15858,15888,15891,15894,15897,15900,15903,15906,15909,15912,15915,15918,15924,15930,15933,15936,15939,15942,15945,15948,15951,15954,15957,15960,15963,15966,15969,15972,15975,15978],"guests":6,"bedrooms":3,"bathrooms":2,"popular_amenities":["air_conditioning","alarm","security_box","wifi","satellite_tv","stereo"],"electrodomestics":["electric_coffee_maker","kettle","washing_machine","dishwasher","iron","hair_dryer","ironing_board","toaster","hob"],"interior":["bathtub","shower","linens","towels","pool_towels"],"exterior":["barbecue","garden_furniture","parking","swimming_pool","parasols","deckchairs"],"description":"<div id=\"description\" class=\"hide-xs\">\r\n<h5>Wundersch\u00f6nes <strong>modernes Haus<\/strong> mit Meerblick, umgeben vom Lande, aber ganz in der N\u00e4he des Dorfes San Jos\u00e9. Die n\u00e4chstgelegenen Str\u00e4nde sind <strong>Cala Tarida<\/strong>, <strong>Cala Vadella<\/strong>,<strong> Cala Moli<\/strong>,<strong> Cala Bassa<\/strong>,<strong> Cala Conta<\/strong>, <strong>Cala Carbo<\/strong>, <strong>Cala d'Hort<\/strong>.\r\nDas Haus hat <strong>3 Doppelzimmer<\/strong>, alle mit Doppelbett. Es ist in zwei Etagen aufgeteilt. Im Erdgeschoss, das direkt zum Poolbereich und zur Terrasse f\u00fchrt, befinden sich ein Wohn-Esszimmer, eine voll ausgestattete K\u00fcche mit Ausgang zum hinteren <strong>Grillbereich<\/strong> und eine Toilette.\r\nDie Schlafzimmer befinden sich im Obergeschoss und sind in zwei Bereiche unterteilt: Auf der einen Seite befindet sich das <strong>Hauptschlafzimmer mit eigenem Bad<\/strong>, das von Fenstern umgeben ist, die den Blick auf die Landschaft und das Meer in der Ferne freigeben. Dieses Schlafzimmer hat einen Zugang zu einer gro\u00dfen <strong>privaten Terrasse<\/strong>. Auf der anderen Seite befinden sich zwei weitere Doppelschlafzimmer, die sich ein Bad und eine Terrasse teilen.\r\nIm oberen Teil des Hauses, oberhalb des Pools, gibt es einen sehr ger\u00e4umigen <strong>Chill-out-Bereich<\/strong>, von dem aus Sie den Sonnenuntergang genie\u00dfen k\u00f6nnen.\r\nDie Garage hat einen direkten Zugang ins Innere des Hauses. Das Haus ist sehr sch\u00f6n eingerichtet, ger\u00e4umig und komfortabel. Der Au\u00dfen- und Poolbereich ist sehr ger\u00e4umig und <strong>von Natur umgeben<\/strong>, was <strong>viel Privatsph\u00e4re<\/strong> bietet.<\/h5>\r\n<h5><\/h5>\r\n<\/div>","nearby_places":[{"place":"San Jose ","distance":"3"},{"place":"Cala Vadella ","distance":"7,5"},{"place":"Cala Moli","distance":"3,7"},{"place":"Cala Tarida","distance":"3,8"},{"place":"Cala d Hort","distance":"10"},{"place":"Aeropuerto","distance":"14"},{"place":"Ibiza ","distance":"19"}],"conditions":{"minimum_stay":7,"check_in":"16:00h","check_out":"10:00h","cleaning":"Die Endreinigung ist im Preis inbegriffen.","deposit":"\u20ac700","extras":"Leistungen mit Aufpreis: Extra Reinigung, Wechsel der Bettw\u00e4sche \/ Handt\u00fccher \/ Poolhandt\u00fccher w\u00e4hrend der Woche."},"welcome_pack":"yes","booking_widget":"[wpbs id=\"13\" title=\"yes\" legend=\"yes\" legend_position=\"side\" display=\"2\" year=\"0\" month=\"0\" language=\"auto\" start=\"1\" dropdown=\"yes\" jump=\"no\" history=\"1\" tooltip=\"1\" highlighttoday=\"no\" weeknumbers=\"no\" show_prices=\"yes\" form_id=\"19\" form_position=\"bottom\" auto_pending=\"yes\" selection_type=\"multiple\" selection_style=\"split\" minimum_days=\"0\" maximum_days=\"0\" booking_start_day=\"0\" booking_end_day=\"0\" show_date_selection=\"yes\"]","calendar_id":"","form_id":""},"featured_image_src":"https:\/\/ibizaruralvillas.com\/wp-content\/uploads\/2023\/01\/villa-ibiza-sa-ganzaia-1-1024x683.jpg","villa_price":"","locations":[{"term_id":272,"name":"Cala Tarida","slug":"cala-tarida-de","term_group":0,"term_taxonomy_id":272,"taxonomy":"location","description":"","parent":797,"count":5,"filter":"raw"},{"term_id":241,"name":"San Jos\u00e9","slug":"san-jose-de","term_group":0,"term_taxonomy_id":241,"taxonomy":"location","description":"","parent":799,"count":39,"filter":"raw"}],"has_booking_calendar":true,"_links":{"self":[{"href":"https:\/\/ibizaruralvillas.com\/de\/wp-json\/wp\/v2\/villa\/13728","targetHints":{"allow":["GET"]}}],"collection":[{"href":"https:\/\/ibizaruralvillas.com\/de\/wp-json\/wp\/v2\/villa"}],"about":[{"href":"https:\/\/ibizaruralvillas.com\/de\/wp-json\/wp\/v2\/types\/villa"}],"acf:attachment":[{"embeddable":true,"href":"https:\/\/ibizaruralvillas.com\/de\/wp-json\/wp\/v2\/media\/15978"},{"embeddable":true,"href":"https:\/\/ibizaruralvillas.com\/de\/wp-json\/wp\/v2\/media\/15975"},{"embeddable":true,"href":"https:\/\/ibizaruralvillas.com\/de\/wp-json\/wp\/v2\/media\/15972"},{"embeddable":true,"href":"https:\/\/ibizaruralvillas.com\/de\/wp-json\/wp\/v2\/media\/15969"},{"embeddable":true,"href":"https:\/\/ibizaruralvillas.com\/de\/wp-json\/wp\/v2\/media\/15966"},{"embeddable":true,"href":"https:\/\/ibizaruralvillas.com\/de\/wp-json\/wp\/v2\/media\/15963"},{"embeddable":true,"href":"https:\/\/ibizaruralvillas.com\/de\/wp-json\/wp\/v2\/media\/15960"},{"embeddable":true,"href":"https:\/\/ibizaruralvillas.com\/de\/wp-json\/wp\/v2\/media\/15957"},{"embeddable":true,"href":"https:\/\/ibizaruralvillas.com\/de\/wp-json\/wp\/v2\/media\/15954"},{"embeddable":true,"href":"https:\/\/ibizaruralvillas.com\/de\/wp-json\/wp\/v2\/media\/15951"},{"embeddable":true,"href":"https:\/\/ibizaruralvillas.com\/de\/wp-json\/wp\/v2\/media\/15948"},{"embeddable":true,"href":"https:\/\/ibizaruralvillas.com\/de\/wp-json\/wp\/v2\/media\/15945"},{"embeddable":true,"href":"https:\/\/ibizaruralvillas.com\/de\/wp-json\/wp\/v2\/media\/15942"},{"embeddable":true,"href":"https:\/\/ibizaruralvillas.com\/de\/wp-json\/wp\/v2\/media\/15939"},{"embeddable":true,"href":"https:\/\/ibizaruralvillas.com\/de\/wp-json\/wp\/v2\/media\/15936"},{"embeddable":true,"href":"https:\/\/ibizaruralvillas.com\/de\/wp-json\/wp\/v2\/media\/15933"},{"embeddable":true,"href":"https:\/\/ibizaruralvillas.com\/de\/wp-json\/wp\/v2\/media\/15930"},{"embeddable":true,"href":"https:\/\/ibizaruralvillas.com\/de\/wp-json\/wp\/v2\/media\/15924"},{"embeddable":true,"href":"https:\/\/ibizaruralvillas.com\/de\/wp-json\/wp\/v2\/media\/15918"},{"embeddable":true,"href":"https:\/\/ibizaruralvillas.com\/de\/wp-json\/wp\/v2\/media\/15915"},{"embeddable":true,"href":"https:\/\/ibizaruralvillas.com\/de\/wp-json\/wp\/v2\/media\/15912"},{"embeddable":true,"href":"https:\/\/ibizaruralvillas.com\/de\/wp-json\/wp\/v2\/media\/15909"},{"embeddable":true,"href":"https:\/\/ibizaruralvillas.com\/de\/wp-json\/wp\/v2\/media\/15906"},{"embeddable":true,"href":"https:\/\/ibizaruralvillas.com\/de\/wp-json\/wp\/v2\/media\/15903"},{"embeddable":true,"href":"https:\/\/ibizaruralvillas.com\/de\/wp-json\/wp\/v2\/media\/15900"},{"embeddable":true,"href":"https:\/\/ibizaruralvillas.com\/de\/wp-json\/wp\/v2\/media\/15897"},{"embeddable":true,"href":"https:\/\/ibizaruralvillas.com\/de\/wp-json\/wp\/v2\/media\/15894"},{"embeddable":true,"href":"https:\/\/ibizaruralvillas.com\/de\/wp-json\/wp\/v2\/media\/15891"},{"embeddable":true,"href":"https:\/\/ibizaruralvillas.com\/de\/wp-json\/wp\/v2\/media\/15888"},{"embeddable":true,"href":"https:\/\/ibizaruralvillas.com\/de\/wp-json\/wp\/v2\/media\/15858"},{"embeddable":true,"href":"https:\/\/ibizaruralvillas.com\/de\/wp-json\/wp\/v2\/media\/15855"},{"embeddable":true,"href":"https:\/\/ibizaruralvillas.com\/de\/wp-json\/wp\/v2\/media\/15852"},{"embeddable":true,"href":"https:\/\/ibizaruralvillas.com\/de\/wp-json\/wp\/v2\/media\/15849"},{"embeddable":true,"href":"https:\/\/ibizaruralvillas.com\/de\/wp-json\/wp\/v2\/media\/15846"},{"embeddable":true,"href":"https:\/\/ibizaruralvillas.com\/de\/wp-json\/wp\/v2\/media\/15843"},{"embeddable":true,"href":"https:\/\/ibizaruralvillas.com\/de\/wp-json\/wp\/v2\/media\/15840"},{"embeddable":true,"href":"https:\/\/ibizaruralvillas.com\/de\/wp-json\/wp\/v2\/media\/15885"},{"embeddable":true,"href":"https:\/\/ibizaruralvillas.com\/de\/wp-json\/wp\/v2\/media\/15876"},{"embeddable":true,"href":"https:\/\/ibizaruralvillas.com\/de\/wp-json\/wp\/v2\/media\/15873"},{"embeddable":true,"href":"https:\/\/ibizaruralvillas.com\/de\/wp-json\/wp\/v2\/media\/15870"},{"embeddable":true,"href":"https:\/\/ibizaruralvillas.com\/de\/wp-json\/wp\/v2\/media\/15927"},{"embeddable":true,"href":"https:\/\/ibizaruralvillas.com\/de\/wp-json\/wp\/v2\/media\/15921"},{"embeddable":true,"href":"https:\/\/ibizaruralvillas.com\/de\/wp-json\/wp\/v2\/media\/15864"},{"embeddable":true,"href":"https:\/\/ibizaruralvillas.com\/de\/wp-json\/wp\/v2\/media\/15861"},{"embeddable":true,"href":"https:\/\/ibizaruralvillas.com\/de\/wp-json\/wp\/v2\/media\/15879"},{"embeddable":true,"href":"https:\/\/ibizaruralvillas.com\/de\/wp-json\/wp\/v2\/media\/15882"},{"embeddable":true,"href":"https:\/\/ibizaruralvillas.com\/de\/wp-json\/wp\/v2\/media\/17956"}],"wp:featuredmedia":[{"embeddable":true,"href":"https:\/\/ibizaruralvillas.com\/de\/wp-json\/wp\/v2\/media\/15839"}],"wp:attachment":[{"href":"https:\/\/ibizaruralvillas.com\/de\/wp-json\/wp\/v2\/media?parent=13728"}],"wp:term":[{"taxonomy":"location","embeddable":true,"href":"https:\/\/ibizaruralvillas.com\/de\/wp-json\/wp\/v2\/location?post=13728"},{"taxonomy":"alquiler","embeddable":true,"href":"https:\/\/ibizaruralvillas.com\/de\/wp-json\/wp\/v2\/alquiler?post=13728"}],"curies":[{"name":"wp","href":"https:\/\/api.w.org\/{rel}","templated":true}]}}

<div id="description" class="hide-xs">
<h5>Wunderschönes <strong>modernes Haus</strong> mit Meerblick, umgeben vom Lande, aber ganz in der Nähe des Dorfes San José. Die nächstgelegenen Strände sind <strong>Cala Tarida</strong>, <strong>Cala Vadella</strong>,<strong> Cala Moli</strong>,<strong> Cala Bassa</strong>,<strong> Cala Conta</strong>, <strong>Cala Carbo</strong>, <strong>Cala d'Hort</strong>.
Das Haus hat <strong>3 Doppelzimmer</strong>, alle mit Doppelbett. Es ist in zwei Etagen aufgeteilt. Im Erdgeschoss, das direkt zum Poolbereich und zur Terrasse führt, befinden sich ein Wohn-Esszimmer, eine voll ausgestattete Küche mit Ausgang zum hinteren <strong>Grillbereich</strong> und eine Toilette.
Die Schlafzimmer befinden sich im Obergeschoss und sind in zwei Bereiche unterteilt: Auf der einen Seite befindet sich das <strong>Hauptschlafzimmer mit eigenem Bad</strong>, das von Fenstern umgeben ist, die den Blick auf die Landschaft und das Meer in der Ferne freigeben. Dieses Schlafzimmer hat einen Zugang zu einer großen <strong>privaten Terrasse</strong>. Auf der anderen Seite befinden sich zwei weitere Doppelschlafzimmer, die sich ein Bad und eine Terrasse teilen.
Im oberen Teil des Hauses, oberhalb des Pools, gibt es einen sehr geräumigen <strong>Chill-out-Bereich</strong>, von dem aus Sie den Sonnenuntergang genießen können.
Die Garage hat einen direkten Zugang ins Innere des Hauses. Das Haus ist sehr schön eingerichtet, geräumig und komfortabel. Der Außen- und Poolbereich ist sehr geräumig und <strong>von Natur umgeben</strong>, was <strong>viel Privatsphäre</strong> bietet.</h5>
<h5></h5>
</div>

Leistungen mit Aufpreis: Extra Reinigung, Wechsel der Bettwäsche / Handtücher / Poolhandtücher während der Woche.

San José
