{"id":13745,"date":"2023-01-02T23:07:28","date_gmt":"2023-01-02T22:07:28","guid":{"rendered":"https:\/\/irv.abstractioncreative.com\/?post_type=villa&#038;p=13745"},"modified":"2026-04-29T16:32:17","modified_gmt":"2026-04-29T14:32:17","slug":"can-sun","status":"publish","type":"villa","link":"https:\/\/ibizaruralvillas.com\/de\/miete\/can-sun\/","title":{"rendered":"CAN SUN"},"featured_media":3512,"template":"","meta":{"_acf_changed":false,"site-sidebar-layout":"default","site-content-layout":"default","ast-site-content-layout":"default","site-content-style":"default","site-sidebar-style":"default","ast-global-header-display":"","ast-banner-title-visibility":"","ast-main-header-display":"","ast-hfb-above-header-display":"","ast-hfb-below-header-display":"","ast-hfb-mobile-header-display":"","site-post-title":"","ast-breadcrumbs-content":"","ast-featured-img":"","footer-sml-layout":"","ast-disable-related-posts":"","theme-transparent-header-meta":"default","adv-header-id-meta":"","stick-header-meta":"","header-above-stick-meta":"","header-main-stick-meta":"","header-below-stick-meta":"","astra-migrate-meta-layouts":"set","ast-page-background-enabled":"default","ast-page-background-meta":{"desktop":{"background-color":"var(--ast-global-color-4)","background-image":"","background-repeat":"repeat","background-position":"center center","background-size":"auto","background-attachment":"scroll","background-type":"","background-media":"","overlay-type":"","overlay-color":"","overlay-opacity":"","overlay-gradient":""},"tablet":{"background-color":"","background-image":"","background-repeat":"repeat","background-position":"center center","background-size":"auto","background-attachment":"scroll","background-type":"","background-media":"","overlay-type":"","overlay-color":"","overlay-opacity":"","overlay-gradient":""},"mobile":{"background-color":"","background-image":"","background-repeat":"repeat","background-position":"center center","background-size":"auto","background-attachment":"scroll","background-type":"","background-media":"","overlay-type":"","overlay-color":"","overlay-opacity":"","overlay-gradient":""}},"ast-content-background-meta":{"desktop":{"background-color":"var(--ast-global-color-5)","background-image":"","background-repeat":"repeat","background-position":"center center","background-size":"auto","background-attachment":"scroll","background-type":"","background-media":"","overlay-type":"","overlay-color":"","overlay-opacity":"","overlay-gradient":""},"tablet":{"background-color":"var(--ast-global-color-5)","background-image":"","background-repeat":"repeat","background-position":"center center","background-size":"auto","background-attachment":"scroll","background-type":"","background-media":"","overlay-type":"","overlay-color":"","overlay-opacity":"","overlay-gradient":""},"mobile":{"background-color":"var(--ast-global-color-5)","background-image":"","background-repeat":"repeat","background-position":"center center","background-size":"auto","background-attachment":"scroll","background-type":"","background-media":"","overlay-type":"","overlay-color":"","overlay-opacity":"","overlay-gradient":""}},"_joinchat":[]},"location":[272,241],"alquiler":[],"class_list":["post-13745","villa","type-villa","status-publish","has-post-thumbnail","hentry","location-cala-tarida-de","location-san-jose-de"],"acf":{"sub_title":"<span style=\"font-size: 13.3333px; font-style: normal; font-weight: 400;\">ESFCTU0000070100007006740000000000000000000ET-0399-E9 ref. Nymba Ya Sun<\/span>","gallery":[2302,2303,2304,2305,2306,2307,2308,2309,2310,2311,2312,2313,2314,2315,2316,2317,2318,2319,2320,2321,2322,2323,2324,2325,2326,2327,2328,2329,2330,2331,2332,2333],"guests":10,"bedrooms":5,"bathrooms":4,"popular_amenities":["air_conditioning","alarm","security_box","wifi","smart_tv","satellite_tv","stereo"],"electrodomestics":["electric_coffee_maker","kettle","washing_machine","dishwasher","iron","hair_dryer","ironing_board","toaster","hob"],"interior":["bathtub","shower","linens","towels"],"exterior":["barbecue","garden_furniture","parking","swimming_pool","parasols","deckchairs"],"description":"<h5>Moderne Designer-Villa in ruhiger Lage nur wenige Minuten vom Strand Cala Tarida und der Ortschaft Sant Josep entfernt, mit tollem Meerblick.<\/h5>\r\n<h5>Das Haus ist verteilt auf zwei Ebenen und hat 5 Doppelzimmer und 4 Badezimmer.\r\nIm Hauptgeschoss befindet sich eine offene, praktische und komplett ausgestattete K\u00fcche mit: Geschirrsp\u00fcler, Mikrowelle, Backofen, K\u00fchlschrank,...Dieser Bereich schliesst sich direkt mit dem Esszimmer und einem sch\u00f6nen, hellen Wohnzimmer an. Durch eine grosse Fensterfront hat man Blick auf das Meer und den Sonnenuntergang. Es gibt eine gute Musikanlage, im Wohnzimmer sowie auf der Terrasse.<\/h5>\r\n<h5>Hier befinden sich auch 2 Schlafzimmer: die Suite mit grosser Fensterfront, Meerblick, Ausgang zur Terrasse, und grossem en-suite Badezimmer, und das zweite Schlafzimmer mit 2 Einzelbetten, Ausgang zur Terrasse und einem en-suite Badezimmer mit Hydromassage-Badewanne.<\/h5>\r\n<h5>Auf der anderen Etage befinden sich 3 Schlafzimmer: ein Doppelzimmer und ein Schlafzimmer mit 2 Einzelbetten die sich ein komplettes Badezimmer mit Dusche teilen, sowie ein weiteres Doppelzimmer mit en-suite Badezimmer.<\/h5>\r\n<h5>Das Grundst\u00fcck umfasst 5000m2 und hat verschiedene Bereiche: schattenspendender Pinienwald, Sonnenbereich beim Pool und einen sch\u00f6nen mediterranen Garten.<\/h5>\r\n<h5>Auf der oberen Terrasse beim Wohnzimmer ist ein Bereich mit Kunstrasen ausgelegt, sehr angenehm f\u00fcr die Kleinen.<\/h5>","nearby_places":[{"place":"Cala Tarida","distance":"2"},{"place":"Cala Moli","distance":"2,7"},{"place":"Cala Vadella","distance":"7,5"},{"place":"Cala d\u00b4Hort","distance":"10"},{"place":"Airport","distance":"15"},{"place":"Supermarket","distance":"3"}],"conditions":{"minimum_stay":7,"check_in":"16:00h","check_out":"10:00","cleaning":"Endreinigung ist im Preis inbegriffen.","deposit":"\u20ac1000","extras":"Leistungen mit Aufpreis: Extra Reinigung, Wechsel der Bettw\u00e4sche \/ Handt\u00fccher \/ Poolhandt\u00fccher w\u00e4hrend der Woche."},"welcome_pack":"yes","booking_widget":"[wpbs id=\"22\" title=\"yes\" legend=\"yes\" legend_position=\"side\" display=\"2\" year=\"0\" month=\"0\" language=\"auto\" start=\"1\" dropdown=\"yes\" jump=\"no\" history=\"1\" tooltip=\"1\" highlighttoday=\"no\" weeknumbers=\"no\" show_prices=\"yes\" form_id=\"82\" form_position=\"bottom\" auto_pending=\"no\" selection_type=\"multiple\" selection_style=\"split\" minimum_days=\"7\" maximum_days=\"0\" booking_start_day=\"0\" booking_end_day=\"0\" show_date_selection=\"yes\"]","calendar_id":"","form_id":""},"featured_image_src":"https:\/\/ibizaruralvillas.com\/wp-content\/uploads\/2022\/10\/10-1024x683.jpg","villa_price":"","locations":[{"term_id":272,"name":"Cala Tarida","slug":"cala-tarida-de","term_group":0,"term_taxonomy_id":272,"taxonomy":"location","description":"","parent":797,"count":5,"filter":"raw"},{"term_id":241,"name":"San Jos\u00e9","slug":"san-jose-de","term_group":0,"term_taxonomy_id":241,"taxonomy":"location","description":"","parent":799,"count":39,"filter":"raw"}],"has_booking_calendar":false,"_links":{"self":[{"href":"https:\/\/ibizaruralvillas.com\/de\/wp-json\/wp\/v2\/villa\/13745","targetHints":{"allow":["GET"]}}],"collection":[{"href":"https:\/\/ibizaruralvillas.com\/de\/wp-json\/wp\/v2\/villa"}],"about":[{"href":"https:\/\/ibizaruralvillas.com\/de\/wp-json\/wp\/v2\/types\/villa"}],"acf:attachment":[{"embeddable":true,"href":"https:\/\/ibizaruralvillas.com\/de\/wp-json\/wp\/v2\/media\/2333"},{"embeddable":true,"href":"https:\/\/ibizaruralvillas.com\/de\/wp-json\/wp\/v2\/media\/2332"},{"embeddable":true,"href":"https:\/\/ibizaruralvillas.com\/de\/wp-json\/wp\/v2\/media\/2331"},{"embeddable":true,"href":"https:\/\/ibizaruralvillas.com\/de\/wp-json\/wp\/v2\/media\/2330"},{"embeddable":true,"href":"https:\/\/ibizaruralvillas.com\/de\/wp-json\/wp\/v2\/media\/2329"},{"embeddable":true,"href":"https:\/\/ibizaruralvillas.com\/de\/wp-json\/wp\/v2\/media\/2328"},{"embeddable":true,"href":"https:\/\/ibizaruralvillas.com\/de\/wp-json\/wp\/v2\/media\/2327"},{"embeddable":true,"href":"https:\/\/ibizaruralvillas.com\/de\/wp-json\/wp\/v2\/media\/2326"},{"embeddable":true,"href":"https:\/\/ibizaruralvillas.com\/de\/wp-json\/wp\/v2\/media\/2325"},{"embeddable":true,"href":"https:\/\/ibizaruralvillas.com\/de\/wp-json\/wp\/v2\/media\/2324"},{"embeddable":true,"href":"https:\/\/ibizaruralvillas.com\/de\/wp-json\/wp\/v2\/media\/2323"},{"embeddable":true,"href":"https:\/\/ibizaruralvillas.com\/de\/wp-json\/wp\/v2\/media\/2322"},{"embeddable":true,"href":"https:\/\/ibizaruralvillas.com\/de\/wp-json\/wp\/v2\/media\/2321"},{"embeddable":true,"href":"https:\/\/ibizaruralvillas.com\/de\/wp-json\/wp\/v2\/media\/2320"},{"embeddable":true,"href":"https:\/\/ibizaruralvillas.com\/de\/wp-json\/wp\/v2\/media\/2319"},{"embeddable":true,"href":"https:\/\/ibizaruralvillas.com\/de\/wp-json\/wp\/v2\/media\/2318"},{"embeddable":true,"href":"https:\/\/ibizaruralvillas.com\/de\/wp-json\/wp\/v2\/media\/2317"},{"embeddable":true,"href":"https:\/\/ibizaruralvillas.com\/de\/wp-json\/wp\/v2\/media\/2316"},{"embeddable":true,"href":"https:\/\/ibizaruralvillas.com\/de\/wp-json\/wp\/v2\/media\/2315"},{"embeddable":true,"href":"https:\/\/ibizaruralvillas.com\/de\/wp-json\/wp\/v2\/media\/2314"},{"embeddable":true,"href":"https:\/\/ibizaruralvillas.com\/de\/wp-json\/wp\/v2\/media\/2313"},{"embeddable":true,"href":"https:\/\/ibizaruralvillas.com\/de\/wp-json\/wp\/v2\/media\/2312"},{"embeddable":true,"href":"https:\/\/ibizaruralvillas.com\/de\/wp-json\/wp\/v2\/media\/2311"},{"embeddable":true,"href":"https:\/\/ibizaruralvillas.com\/de\/wp-json\/wp\/v2\/media\/2310"},{"embeddable":true,"href":"https:\/\/ibizaruralvillas.com\/de\/wp-json\/wp\/v2\/media\/2309"},{"embeddable":true,"href":"https:\/\/ibizaruralvillas.com\/de\/wp-json\/wp\/v2\/media\/2308"},{"embeddable":true,"href":"https:\/\/ibizaruralvillas.com\/de\/wp-json\/wp\/v2\/media\/2307"},{"embeddable":true,"href":"https:\/\/ibizaruralvillas.com\/de\/wp-json\/wp\/v2\/media\/2306"},{"embeddable":true,"href":"https:\/\/ibizaruralvillas.com\/de\/wp-json\/wp\/v2\/media\/2305"},{"embeddable":true,"href":"https:\/\/ibizaruralvillas.com\/de\/wp-json\/wp\/v2\/media\/2304"},{"embeddable":true,"href":"https:\/\/ibizaruralvillas.com\/de\/wp-json\/wp\/v2\/media\/2303"},{"embeddable":true,"href":"https:\/\/ibizaruralvillas.com\/de\/wp-json\/wp\/v2\/media\/2302"}],"wp:featuredmedia":[{"embeddable":true,"href":"https:\/\/ibizaruralvillas.com\/de\/wp-json\/wp\/v2\/media\/3512"}],"wp:attachment":[{"href":"https:\/\/ibizaruralvillas.com\/de\/wp-json\/wp\/v2\/media?parent=13745"}],"wp:term":[{"taxonomy":"location","embeddable":true,"href":"https:\/\/ibizaruralvillas.com\/de\/wp-json\/wp\/v2\/location?post=13745"},{"taxonomy":"alquiler","embeddable":true,"href":"https:\/\/ibizaruralvillas.com\/de\/wp-json\/wp\/v2\/alquiler?post=13745"}],"curies":[{"name":"wp","href":"https:\/\/api.w.org\/{rel}","templated":true}]}}

<h5>Moderne Designer-Villa in ruhiger Lage nur wenige Minuten vom Strand Cala Tarida und der Ortschaft Sant Josep entfernt, mit tollem Meerblick.</h5>
<h5>Das Haus ist verteilt auf zwei Ebenen und hat 5 Doppelzimmer und 4 Badezimmer.
Im Hauptgeschoss befindet sich eine offene, praktische und komplett ausgestattete Küche mit: Geschirrspüler, Mikrowelle, Backofen, Kühlschrank,...Dieser Bereich schliesst sich direkt mit dem Esszimmer und einem schönen, hellen Wohnzimmer an. Durch eine grosse Fensterfront hat man Blick auf das Meer und den Sonnenuntergang. Es gibt eine gute Musikanlage, im Wohnzimmer sowie auf der Terrasse.</h5>
<h5>Hier befinden sich auch 2 Schlafzimmer: die Suite mit grosser Fensterfront, Meerblick, Ausgang zur Terrasse, und grossem en-suite Badezimmer, und das zweite Schlafzimmer mit 2 Einzelbetten, Ausgang zur Terrasse und einem en-suite Badezimmer mit Hydromassage-Badewanne.</h5>
<h5>Auf der anderen Etage befinden sich 3 Schlafzimmer: ein Doppelzimmer und ein Schlafzimmer mit 2 Einzelbetten die sich ein komplettes Badezimmer mit Dusche teilen, sowie ein weiteres Doppelzimmer mit en-suite Badezimmer.</h5>
<h5>Das Grundstück umfasst 5000m2 und hat verschiedene Bereiche: schattenspendender Pinienwald, Sonnenbereich beim Pool und einen schönen mediterranen Garten.</h5>
<h5>Auf der oberen Terrasse beim Wohnzimmer ist ein Bereich mit Kunstrasen ausgelegt, sehr angenehm für die Kleinen.</h5>

Leistungen mit Aufpreis: Extra Reinigung, Wechsel der Bettwäsche / Handtücher / Poolhandtücher während der Woche.

San José
