{"id":13747,"date":"2023-01-02T23:08:55","date_gmt":"2023-01-02T22:08:55","guid":{"rendered":"https:\/\/irv.abstractioncreative.com\/?post_type=villa&#038;p=13747"},"modified":"2026-04-22T15:54:07","modified_gmt":"2026-04-22T13:54:07","slug":"can-canet","status":"publish","type":"villa","link":"https:\/\/ibizaruralvillas.com\/de\/dorfer\/san-jose-de\/can-canet\/","title":{"rendered":"CAN CANET"},"featured_media":7034,"template":"","meta":{"_acf_changed":false,"site-sidebar-layout":"default","site-content-layout":"default","ast-site-content-layout":"default","site-content-style":"default","site-sidebar-style":"default","ast-global-header-display":"","ast-banner-title-visibility":"","ast-main-header-display":"","ast-hfb-above-header-display":"","ast-hfb-below-header-display":"","ast-hfb-mobile-header-display":"","site-post-title":"","ast-breadcrumbs-content":"","ast-featured-img":"","footer-sml-layout":"","ast-disable-related-posts":"","theme-transparent-header-meta":"default","adv-header-id-meta":"","stick-header-meta":"","header-above-stick-meta":"","header-main-stick-meta":"","header-below-stick-meta":"","astra-migrate-meta-layouts":"set","ast-page-background-enabled":"default","ast-page-background-meta":{"desktop":{"background-color":"var(--ast-global-color-4)","background-image":"","background-repeat":"repeat","background-position":"center center","background-size":"auto","background-attachment":"scroll","background-type":"","background-media":"","overlay-type":"","overlay-color":"","overlay-opacity":"","overlay-gradient":""},"tablet":{"background-color":"","background-image":"","background-repeat":"repeat","background-position":"center center","background-size":"auto","background-attachment":"scroll","background-type":"","background-media":"","overlay-type":"","overlay-color":"","overlay-opacity":"","overlay-gradient":""},"mobile":{"background-color":"","background-image":"","background-repeat":"repeat","background-position":"center center","background-size":"auto","background-attachment":"scroll","background-type":"","background-media":"","overlay-type":"","overlay-color":"","overlay-opacity":"","overlay-gradient":""}},"ast-content-background-meta":{"desktop":{"background-color":"var(--ast-global-color-5)","background-image":"","background-repeat":"repeat","background-position":"center center","background-size":"auto","background-attachment":"scroll","background-type":"","background-media":"","overlay-type":"","overlay-color":"","overlay-opacity":"","overlay-gradient":""},"tablet":{"background-color":"var(--ast-global-color-5)","background-image":"","background-repeat":"repeat","background-position":"center center","background-size":"auto","background-attachment":"scroll","background-type":"","background-media":"","overlay-type":"","overlay-color":"","overlay-opacity":"","overlay-gradient":""},"mobile":{"background-color":"var(--ast-global-color-5)","background-image":"","background-repeat":"repeat","background-position":"center center","background-size":"auto","background-attachment":"scroll","background-type":"","background-media":"","overlay-type":"","overlay-color":"","overlay-opacity":"","overlay-gradient":""}},"_joinchat":[]},"location":[259,241],"alquiler":[],"class_list":["post-13747","villa","type-villa","status-publish","has-post-thumbnail","hentry","location-cala-vadella-de","location-san-jose-de"],"acf":{"sub_title":"<p class=\"MsoNormal\"><span lang=\"PT\" style=\"font-size: 10.0pt; line-height: 115%; mso-ansi-language: PT;\">ESFCTU000007010000605375000000000000000000ETV-1391-E2 Ref. Queixal<\/span><\/p>","gallery":[2334,2335,2336,2337,2338,2339,2340,2341,2342,2343,2344,2345,2346,2347,2348,2349,2350,2351,2352,2353,2354,2355,2356,2357,2358,2359,2360,2361,2362,2363,2364,2365,2366,2367,2368,2369,2370,2371,2372,2373,2374,2375,2376,2377,2378,2379,2380,2381,2382,2383],"guests":7,"bedrooms":5,"bathrooms":3,"popular_amenities":["air_conditioning","alarm","security_box","wifi","smart_tv","satellite_tv","stereo"],"electrodomestics":["electric_coffee_maker","kettle","washing_machine","dishwasher","iron","hair_dryer","dryer","ironing_board","toaster","hob"],"interior":["shower","linens","towels","pool_towels"],"exterior":["barbecue","garden_furniture","parking","swimming_pool","parasols","deckchairs"],"description":"<h5>Can Canet ist ein exklusives Sommerhaus mit spektakul\u00e4rem Meerblick und mit dem Vorteil, nur wenige Minuten von Cala Vadella entfernt zu sein. Das k\u00fcrzlich geschmackvoll renovierte Haus vereint das Einfache und Praktische. Der Innenraum besticht durch den Kontrast der weissen W\u00e4nde mit dem Vintage farbigen Boden sowie einem minimalistischen dennoch gem\u00fctlichen Mobiliar. Der Mittelpunkt des Hauses ist die K\u00fcche und das Wohnzimmer, lichtdurchflutet durch die vielen Fenster. Es gibt verschiedene Sofas und Sessel und einen grossen Esstisch. Anschliessend befindet sich die K\u00fcche mit einer grossen Arbeitsfl\u00e4che und Fenster. Die K\u00fcche ist komplett ausgestattet mit grossem K\u00fchlschrank, Tiefk\u00fchler, Geschirrsp\u00fcler, Kaffeemaschine Nespresso, Saftmaschine, etc. Neben der K\u00fcche befindet sich ein Zimmer mit Waschmaschine und Trockner, B\u00fcgeleisen und Brett sowie Putzmaterial. Alle Zimmer sind einfach und gem\u00fctlich eingerichtet, sie haben grosse Schr\u00e4nke, qualitativ hochstehende Bettw\u00e4sche und Handt\u00fccher, gem\u00fctliche Matratzen aus Viskoelastik, Latex Kopfkissen und Klimaanlage. Der Aussenbereich des Hauses verf\u00fcgt \u00fcber eine Terrasse mit Pool und Sonnenliegen. Etwas h\u00f6her gelegen gibt es eine \u00fcberdachte Terrasse mit Esstisch und Sofas zum ausruhen. In diesem Bereich befindet sich auch die Grillzone mit einem grossen Esstisch f\u00fcr bis zu 8 Personen, unweit der K\u00fcche. Dank der tollen Lage des Hauses kann man den Sonnenuntergang ansehen.<\/h5>\r\n<h5>Es verf\u00fcgt \u00fcber eine Sonnenterrasse mit Liegest\u00fchlen, Tischen und Sonnenschirmen, einen gem\u00fctlichen Chill-out-Bereich in der Sonne und im Schatten, mehrere gepflegte Gartenbereiche, die dem Haus und seiner Umgebung Frische verleihen.\r\nEs hat einen privaten Parkplatz f\u00fcr zwei Autos\u00a0mit Elektroauto-Ladeger\u00e4t.<\/h5>\r\n&nbsp;\r\n\r\n&nbsp;","nearby_places":[{"place":"Cala Vadella","distance":"1"},{"place":"Cala Moli","distance":"4.5"},{"place":"Cala Tarida","distance":"6.5"},{"place":"Cala d\u00b4Hort","distance":"6,5"},{"place":" San Jos\u00e9","distance":"9.5"},{"place":"San Antonio","distance":"13"}],"conditions":{"minimum_stay":7,"check_in":"15:30","check_out":"10:00","cleaning":"Endreinigung ist im Preis inbegriffen.","deposit":"\u20ac1000","extras":"Leistungen mit Aufpreis: Extra Reinigung, Wechsel der Bettw\u00e4sche \/ Handt\u00fccher \/ Poolhandt\u00fccher w\u00e4hrend der Woche."},"welcome_pack":"yes","booking_widget":"[wpbs id=\"21\" title=\"yes\" legend=\"yes\" legend_position=\"side\" display=\"2\" year=\"0\" month=\"0\" language=\"auto\" start=\"1\" dropdown=\"yes\" jump=\"no\" history=\"1\" tooltip=\"1\" highlighttoday=\"no\" weeknumbers=\"no\" show_prices=\"yes\" form_id=\"93\" form_position=\"bottom\" auto_pending=\"no\" selection_type=\"multiple\" selection_style=\"split\" minimum_days=\"7\" maximum_days=\"0\" booking_start_day=\"0\" booking_end_day=\"0\" show_date_selection=\"yes\"]","calendar_id":"","form_id":""},"featured_image_src":"https:\/\/ibizaruralvillas.com\/wp-content\/uploads\/2022\/10\/villa-ibiza-can-canet-1-1024x640.jpg","villa_price":"","locations":[{"term_id":259,"name":"Cala Vadella","slug":"cala-vadella-de","term_group":0,"term_taxonomy_id":259,"taxonomy":"location","description":"","parent":797,"count":6,"filter":"raw"},{"term_id":241,"name":"San Jos\u00e9","slug":"san-jose-de","term_group":0,"term_taxonomy_id":241,"taxonomy":"location","description":"","parent":799,"count":39,"filter":"raw"}],"has_booking_calendar":false,"_links":{"self":[{"href":"https:\/\/ibizaruralvillas.com\/de\/wp-json\/wp\/v2\/villa\/13747","targetHints":{"allow":["GET"]}}],"collection":[{"href":"https:\/\/ibizaruralvillas.com\/de\/wp-json\/wp\/v2\/villa"}],"about":[{"href":"https:\/\/ibizaruralvillas.com\/de\/wp-json\/wp\/v2\/types\/villa"}],"acf:attachment":[{"embeddable":true,"href":"https:\/\/ibizaruralvillas.com\/de\/wp-json\/wp\/v2\/media\/2383"},{"embeddable":true,"href":"https:\/\/ibizaruralvillas.com\/de\/wp-json\/wp\/v2\/media\/2382"},{"embeddable":true,"href":"https:\/\/ibizaruralvillas.com\/de\/wp-json\/wp\/v2\/media\/2381"},{"embeddable":true,"href":"https:\/\/ibizaruralvillas.com\/de\/wp-json\/wp\/v2\/media\/2380"},{"embeddable":true,"href":"https:\/\/ibizaruralvillas.com\/de\/wp-json\/wp\/v2\/media\/2379"},{"embeddable":true,"href":"https:\/\/ibizaruralvillas.com\/de\/wp-json\/wp\/v2\/media\/2378"},{"embeddable":true,"href":"https:\/\/ibizaruralvillas.com\/de\/wp-json\/wp\/v2\/media\/2377"},{"embeddable":true,"href":"https:\/\/ibizaruralvillas.com\/de\/wp-json\/wp\/v2\/media\/2376"},{"embeddable":true,"href":"https:\/\/ibizaruralvillas.com\/de\/wp-json\/wp\/v2\/media\/2375"},{"embeddable":true,"href":"https:\/\/ibizaruralvillas.com\/de\/wp-json\/wp\/v2\/media\/2374"},{"embeddable":true,"href":"https:\/\/ibizaruralvillas.com\/de\/wp-json\/wp\/v2\/media\/2373"},{"embeddable":true,"href":"https:\/\/ibizaruralvillas.com\/de\/wp-json\/wp\/v2\/media\/2372"},{"embeddable":true,"href":"https:\/\/ibizaruralvillas.com\/de\/wp-json\/wp\/v2\/media\/2371"},{"embeddable":true,"href":"https:\/\/ibizaruralvillas.com\/de\/wp-json\/wp\/v2\/media\/2370"},{"embeddable":true,"href":"https:\/\/ibizaruralvillas.com\/de\/wp-json\/wp\/v2\/media\/2369"},{"embeddable":true,"href":"https:\/\/ibizaruralvillas.com\/de\/wp-json\/wp\/v2\/media\/2368"},{"embeddable":true,"href":"https:\/\/ibizaruralvillas.com\/de\/wp-json\/wp\/v2\/media\/2367"},{"embeddable":true,"href":"https:\/\/ibizaruralvillas.com\/de\/wp-json\/wp\/v2\/media\/2366"},{"embeddable":true,"href":"https:\/\/ibizaruralvillas.com\/de\/wp-json\/wp\/v2\/media\/2365"},{"embeddable":true,"href":"https:\/\/ibizaruralvillas.com\/de\/wp-json\/wp\/v2\/media\/2364"},{"embeddable":true,"href":"https:\/\/ibizaruralvillas.com\/de\/wp-json\/wp\/v2\/media\/2363"},{"embeddable":true,"href":"https:\/\/ibizaruralvillas.com\/de\/wp-json\/wp\/v2\/media\/2362"},{"embeddable":true,"href":"https:\/\/ibizaruralvillas.com\/de\/wp-json\/wp\/v2\/media\/2361"},{"embeddable":true,"href":"https:\/\/ibizaruralvillas.com\/de\/wp-json\/wp\/v2\/media\/2360"},{"embeddable":true,"href":"https:\/\/ibizaruralvillas.com\/de\/wp-json\/wp\/v2\/media\/2359"},{"embeddable":true,"href":"https:\/\/ibizaruralvillas.com\/de\/wp-json\/wp\/v2\/media\/2358"},{"embeddable":true,"href":"https:\/\/ibizaruralvillas.com\/de\/wp-json\/wp\/v2\/media\/2357"},{"embeddable":true,"href":"https:\/\/ibizaruralvillas.com\/de\/wp-json\/wp\/v2\/media\/2356"},{"embeddable":true,"href":"https:\/\/ibizaruralvillas.com\/de\/wp-json\/wp\/v2\/media\/2355"},{"embeddable":true,"href":"https:\/\/ibizaruralvillas.com\/de\/wp-json\/wp\/v2\/media\/2354"},{"embeddable":true,"href":"https:\/\/ibizaruralvillas.com\/de\/wp-json\/wp\/v2\/media\/2353"},{"embeddable":true,"href":"https:\/\/ibizaruralvillas.com\/de\/wp-json\/wp\/v2\/media\/2352"},{"embeddable":true,"href":"https:\/\/ibizaruralvillas.com\/de\/wp-json\/wp\/v2\/media\/2351"},{"embeddable":true,"href":"https:\/\/ibizaruralvillas.com\/de\/wp-json\/wp\/v2\/media\/2350"},{"embeddable":true,"href":"https:\/\/ibizaruralvillas.com\/de\/wp-json\/wp\/v2\/media\/2349"},{"embeddable":true,"href":"https:\/\/ibizaruralvillas.com\/de\/wp-json\/wp\/v2\/media\/2348"},{"embeddable":true,"href":"https:\/\/ibizaruralvillas.com\/de\/wp-json\/wp\/v2\/media\/2347"},{"embeddable":true,"href":"https:\/\/ibizaruralvillas.com\/de\/wp-json\/wp\/v2\/media\/2346"},{"embeddable":true,"href":"https:\/\/ibizaruralvillas.com\/de\/wp-json\/wp\/v2\/media\/2345"},{"embeddable":true,"href":"https:\/\/ibizaruralvillas.com\/de\/wp-json\/wp\/v2\/media\/2344"},{"embeddable":true,"href":"https:\/\/ibizaruralvillas.com\/de\/wp-json\/wp\/v2\/media\/2343"},{"embeddable":true,"href":"https:\/\/ibizaruralvillas.com\/de\/wp-json\/wp\/v2\/media\/2342"},{"embeddable":true,"href":"https:\/\/ibizaruralvillas.com\/de\/wp-json\/wp\/v2\/media\/2341"},{"embeddable":true,"href":"https:\/\/ibizaruralvillas.com\/de\/wp-json\/wp\/v2\/media\/2340"},{"embeddable":true,"href":"https:\/\/ibizaruralvillas.com\/de\/wp-json\/wp\/v2\/media\/2339"},{"embeddable":true,"href":"https:\/\/ibizaruralvillas.com\/de\/wp-json\/wp\/v2\/media\/2338"},{"embeddable":true,"href":"https:\/\/ibizaruralvillas.com\/de\/wp-json\/wp\/v2\/media\/2337"},{"embeddable":true,"href":"https:\/\/ibizaruralvillas.com\/de\/wp-json\/wp\/v2\/media\/2336"},{"embeddable":true,"href":"https:\/\/ibizaruralvillas.com\/de\/wp-json\/wp\/v2\/media\/2335"},{"embeddable":true,"href":"https:\/\/ibizaruralvillas.com\/de\/wp-json\/wp\/v2\/media\/2334"}],"wp:featuredmedia":[{"embeddable":true,"href":"https:\/\/ibizaruralvillas.com\/de\/wp-json\/wp\/v2\/media\/7034"}],"wp:attachment":[{"href":"https:\/\/ibizaruralvillas.com\/de\/wp-json\/wp\/v2\/media?parent=13747"}],"wp:term":[{"taxonomy":"location","embeddable":true,"href":"https:\/\/ibizaruralvillas.com\/de\/wp-json\/wp\/v2\/location?post=13747"},{"taxonomy":"alquiler","embeddable":true,"href":"https:\/\/ibizaruralvillas.com\/de\/wp-json\/wp\/v2\/alquiler?post=13747"}],"curies":[{"name":"wp","href":"https:\/\/api.w.org\/{rel}","templated":true}]}}

<h5>Can Canet ist ein exklusives Sommerhaus mit spektakulärem Meerblick und mit dem Vorteil, nur wenige Minuten von Cala Vadella entfernt zu sein. Das kürzlich geschmackvoll renovierte Haus vereint das Einfache und Praktische. Der Innenraum besticht durch den Kontrast der weissen Wände mit dem Vintage farbigen Boden sowie einem minimalistischen dennoch gemütlichen Mobiliar. Der Mittelpunkt des Hauses ist die Küche und das Wohnzimmer, lichtdurchflutet durch die vielen Fenster. Es gibt verschiedene Sofas und Sessel und einen grossen Esstisch. Anschliessend befindet sich die Küche mit einer grossen Arbeitsfläche und Fenster. Die Küche ist komplett ausgestattet mit grossem Kühlschrank, Tiefkühler, Geschirrspüler, Kaffeemaschine Nespresso, Saftmaschine, etc. Neben der Küche befindet sich ein Zimmer mit Waschmaschine und Trockner, Bügeleisen und Brett sowie Putzmaterial. Alle Zimmer sind einfach und gemütlich eingerichtet, sie haben grosse Schränke, qualitativ hochstehende Bettwäsche und Handtücher, gemütliche Matratzen aus Viskoelastik, Latex Kopfkissen und Klimaanlage. Der Aussenbereich des Hauses verfügt über eine Terrasse mit Pool und Sonnenliegen. Etwas höher gelegen gibt es eine überdachte Terrasse mit Esstisch und Sofas zum ausruhen. In diesem Bereich befindet sich auch die Grillzone mit einem grossen Esstisch für bis zu 8 Personen, unweit der Küche. Dank der tollen Lage des Hauses kann man den Sonnenuntergang ansehen.</h5>
<h5>Es verfügt über eine Sonnenterrasse mit Liegestühlen, Tischen und Sonnenschirmen, einen gemütlichen Chill-out-Bereich in der Sonne und im Schatten, mehrere gepflegte Gartenbereiche, die dem Haus und seiner Umgebung Frische verleihen.
Es hat einen privaten Parkplatz für zwei Autos mit Elektroauto-Ladegerät.</h5>
&nbsp;

&nbsp;

San José

Leistungen mit Aufpreis: Extra Reinigung, Wechsel der Bettwäsche / Handtücher / Poolhandtücher während der Woche.
