{"id":13955,"date":"2023-01-09T15:56:37","date_gmt":"2023-01-09T15:56:37","guid":{"rendered":"https:\/\/irv.abstractioncreative.com\/?post_type=villa&#038;p=13955"},"modified":"2026-04-17T14:04:32","modified_gmt":"2026-04-17T12:04:32","slug":"bella-vista","status":"publish","type":"villa","link":"https:\/\/ibizaruralvillas.com\/de\/miete\/bella-vista\/","title":{"rendered":"BELLA VISTA"},"featured_media":12033,"template":"","meta":{"_acf_changed":false,"site-sidebar-layout":"default","site-content-layout":"default","ast-site-content-layout":"default","site-content-style":"default","site-sidebar-style":"default","ast-global-header-display":"","ast-banner-title-visibility":"","ast-main-header-display":"","ast-hfb-above-header-display":"","ast-hfb-below-header-display":"","ast-hfb-mobile-header-display":"","site-post-title":"","ast-breadcrumbs-content":"","ast-featured-img":"","footer-sml-layout":"","ast-disable-related-posts":"","theme-transparent-header-meta":"default","adv-header-id-meta":"","stick-header-meta":"","header-above-stick-meta":"","header-main-stick-meta":"","header-below-stick-meta":"","astra-migrate-meta-layouts":"set","ast-page-background-enabled":"default","ast-page-background-meta":{"desktop":{"background-color":"var(--ast-global-color-4)","background-image":"","background-repeat":"repeat","background-position":"center center","background-size":"auto","background-attachment":"scroll","background-type":"","background-media":"","overlay-type":"","overlay-color":"","overlay-opacity":"","overlay-gradient":""},"tablet":{"background-color":"","background-image":"","background-repeat":"repeat","background-position":"center center","background-size":"auto","background-attachment":"scroll","background-type":"","background-media":"","overlay-type":"","overlay-color":"","overlay-opacity":"","overlay-gradient":""},"mobile":{"background-color":"","background-image":"","background-repeat":"repeat","background-position":"center center","background-size":"auto","background-attachment":"scroll","background-type":"","background-media":"","overlay-type":"","overlay-color":"","overlay-opacity":"","overlay-gradient":""}},"ast-content-background-meta":{"desktop":{"background-color":"var(--ast-global-color-5)","background-image":"","background-repeat":"repeat","background-position":"center center","background-size":"auto","background-attachment":"scroll","background-type":"","background-media":"","overlay-type":"","overlay-color":"","overlay-opacity":"","overlay-gradient":""},"tablet":{"background-color":"var(--ast-global-color-5)","background-image":"","background-repeat":"repeat","background-position":"center center","background-size":"auto","background-attachment":"scroll","background-type":"","background-media":"","overlay-type":"","overlay-color":"","overlay-opacity":"","overlay-gradient":""},"mobile":{"background-color":"var(--ast-global-color-5)","background-image":"","background-repeat":"repeat","background-position":"center center","background-size":"auto","background-attachment":"scroll","background-type":"","background-media":"","overlay-type":"","overlay-color":"","overlay-opacity":"","overlay-gradient":""}},"_joinchat":[]},"location":[255,241],"alquiler":[],"class_list":["post-13955","villa","type-villa","status-publish","has-post-thumbnail","hentry","location-cala-conta-de","location-san-jose-de"],"acf":{"sub_title":"<p class=\"MsoNormal\"><span lang=\"PT\" style=\"font-size: 10.0pt; line-height: 115%; mso-ansi-language: PT;\">ESFCTU0000070100000558471700000000000000000000ETV-0985-E0 Ref. Malvinas<\/span><\/p>","gallery":[12044,12062,12035,12047,12038,12122,12119,12116,12113,12110,12107,12104,12101,12098,12095,12092,12089,12086,12083,12080,12077,12074,12071,12068,12065,12059,12056,12053,12050,12041],"guests":12,"bedrooms":5,"bathrooms":5,"popular_amenities":["air_conditioning","alarm","security_box","wifi","satellite_tv","stereo"],"electrodomestics":["electric_coffee_maker","kettle","washing_machine","dishwasher","iron","hair_dryer","dryer","ironing_board","toaster","hob"],"interior":["shower","linens","towels","pool_towels"],"exterior":["barbecue","garden_furniture","parking","swimming_pool","parasols","deckchairs"],"description":"<h5>Bezaubernde Villa mit\u00a0<strong>Pool<\/strong>,\u00a0<strong>Meerblick<\/strong>\u00a0und Blick auf den Sonnenuntergang, nur\u00a0<strong>4 Minuten zu Fuss zum n\u00e4chsten Strand<\/strong>.<\/h5>\r\n<h5><\/h5>\r\n<h5>Die Villa ist ebenerdig gebaut, komplett eingez\u00e4unt und hat einen\u00a0<strong>Parkplatz<\/strong>\u00a0f\u00fcr 2 Autos, grosser Grillbereich mit Esstisch f\u00fcr\u00a0<strong>12 Personen<\/strong>\u00a0sowie einen Bereich der mit Sofas und Gartenm\u00f6bel ausgestattet ist, um bequem den Sonnenuntergang zu geniessen. Die f\u00fcnf Schlafzimmer sind wie folgt: drei haben Ehebetten, eins hat zwei Einzelbetten, und das gr\u00f6sste hat vier Einzelbetten.<\/h5>\r\n<h5><\/h5>\r\n<h5>Alle Schlafzimmer haben ein en-suite Dusch-Badezimmer, TV und Klimaanlage, sowie direkten Ausgang ins Freie. Das grosse Wohnzimmer hat auch TV und Schiebet\u00fcren sowie direkten Ausgang zum Pool. Von der komplett ausgestatteten K\u00fcche gelangt man zum\u00a0<strong>Grillbereich<\/strong>\u00a0und dem\u00a0<strong>Pool<\/strong>.<\/h5>\r\n<h5><\/h5>\r\n<h5>Der grosse\u00a0<strong>Poolbereich<\/strong>\u00a0ist mit Sonnenliegen, Sofas und Aussendusche ausgestattet.<\/h5>\r\n&nbsp;\r\n<h5>Die Touristensteuer ist nicht im Mietpreis enthalten; die G\u00e4ste m\u00fcssen bei der Ankunft 2,20 \u20ac pro Person und Tag entrichten.<\/h5>","nearby_places":[{"place":"Cala Codolar","distance":"0.5"},{"place":"Cala Conta","distance":"1.7"},{"place":"Cala Bassa","distance":"7.5"},{"place":"Cala Tarida","distance":"5.5"},{"place":"San Jos\u00e9","distance":"10.5"},{"place":"San Antonio","distance":"11.5"},{"place":"San Agustin","distance":"8.2"}],"conditions":{"minimum_stay":7,"check_in":"16:00h","check_out":"10:00h","cleaning":"Endreinigung ist im Preis inbegriffen.","deposit":"\u20ac1500","extras":"Leistungen mit Aufpreis: Extra Reinigung, Wechsel der Bettw\u00e4sche \/ Handt\u00fccher \/ Poolhandt\u00fccher w\u00e4hrend der Woche. Die Touristensteuer ist nicht enthalten; 2,20 \u20ac pro Person und Tag."},"welcome_pack":"yes","booking_widget":"[wpbs id=\"1\" title=\"yes\" legend=\"yes\" legend_position=\"side\" display=\"2\" year=\"0\" month=\"0\" language=\"auto\" start=\"1\" dropdown=\"yes\" jump=\"no\" history=\"1\" tooltip=\"1\" highlighttoday=\"no\" weeknumbers=\"no\" show_prices=\"yes\" form_id=\"63\" form_position=\"bottom\" auto_pending=\"no\" selection_type=\"multiple\" selection_style=\"split\" minimum_days=\"7\" maximum_days=\"0\" booking_start_day=\"0\" booking_end_day=\"0\" show_date_selection=\"yes\"]","calendar_id":"","form_id":""},"featured_image_src":"https:\/\/ibizaruralvillas.com\/wp-content\/uploads\/2022\/09\/villa-ibiza-bella-vista-1-1024x709.jpg","villa_price":"1000","locations":[{"term_id":255,"name":"Cala Conta","slug":"cala-conta-de","term_group":0,"term_taxonomy_id":255,"taxonomy":"location","description":"","parent":797,"count":5,"filter":"raw"},{"term_id":241,"name":"San Jos\u00e9","slug":"san-jose-de","term_group":0,"term_taxonomy_id":241,"taxonomy":"location","description":"","parent":799,"count":39,"filter":"raw"}],"has_booking_calendar":false,"_links":{"self":[{"href":"https:\/\/ibizaruralvillas.com\/de\/wp-json\/wp\/v2\/villa\/13955","targetHints":{"allow":["GET"]}}],"collection":[{"href":"https:\/\/ibizaruralvillas.com\/de\/wp-json\/wp\/v2\/villa"}],"about":[{"href":"https:\/\/ibizaruralvillas.com\/de\/wp-json\/wp\/v2\/types\/villa"}],"acf:attachment":[{"embeddable":true,"href":"https:\/\/ibizaruralvillas.com\/de\/wp-json\/wp\/v2\/media\/12041"},{"embeddable":true,"href":"https:\/\/ibizaruralvillas.com\/de\/wp-json\/wp\/v2\/media\/12050"},{"embeddable":true,"href":"https:\/\/ibizaruralvillas.com\/de\/wp-json\/wp\/v2\/media\/12053"},{"embeddable":true,"href":"https:\/\/ibizaruralvillas.com\/de\/wp-json\/wp\/v2\/media\/12056"},{"embeddable":true,"href":"https:\/\/ibizaruralvillas.com\/de\/wp-json\/wp\/v2\/media\/12059"},{"embeddable":true,"href":"https:\/\/ibizaruralvillas.com\/de\/wp-json\/wp\/v2\/media\/12065"},{"embeddable":true,"href":"https:\/\/ibizaruralvillas.com\/de\/wp-json\/wp\/v2\/media\/12068"},{"embeddable":true,"href":"https:\/\/ibizaruralvillas.com\/de\/wp-json\/wp\/v2\/media\/12071"},{"embeddable":true,"href":"https:\/\/ibizaruralvillas.com\/de\/wp-json\/wp\/v2\/media\/12074"},{"embeddable":true,"href":"https:\/\/ibizaruralvillas.com\/de\/wp-json\/wp\/v2\/media\/12077"},{"embeddable":true,"href":"https:\/\/ibizaruralvillas.com\/de\/wp-json\/wp\/v2\/media\/12080"},{"embeddable":true,"href":"https:\/\/ibizaruralvillas.com\/de\/wp-json\/wp\/v2\/media\/12083"},{"embeddable":true,"href":"https:\/\/ibizaruralvillas.com\/de\/wp-json\/wp\/v2\/media\/12086"},{"embeddable":true,"href":"https:\/\/ibizaruralvillas.com\/de\/wp-json\/wp\/v2\/media\/12089"},{"embeddable":true,"href":"https:\/\/ibizaruralvillas.com\/de\/wp-json\/wp\/v2\/media\/12092"},{"embeddable":true,"href":"https:\/\/ibizaruralvillas.com\/de\/wp-json\/wp\/v2\/media\/12095"},{"embeddable":true,"href":"https:\/\/ibizaruralvillas.com\/de\/wp-json\/wp\/v2\/media\/12098"},{"embeddable":true,"href":"https:\/\/ibizaruralvillas.com\/de\/wp-json\/wp\/v2\/media\/12101"},{"embeddable":true,"href":"https:\/\/ibizaruralvillas.com\/de\/wp-json\/wp\/v2\/media\/12104"},{"embeddable":true,"href":"https:\/\/ibizaruralvillas.com\/de\/wp-json\/wp\/v2\/media\/12107"},{"embeddable":true,"href":"https:\/\/ibizaruralvillas.com\/de\/wp-json\/wp\/v2\/media\/12110"},{"embeddable":true,"href":"https:\/\/ibizaruralvillas.com\/de\/wp-json\/wp\/v2\/media\/12113"},{"embeddable":true,"href":"https:\/\/ibizaruralvillas.com\/de\/wp-json\/wp\/v2\/media\/12116"},{"embeddable":true,"href":"https:\/\/ibizaruralvillas.com\/de\/wp-json\/wp\/v2\/media\/12119"},{"embeddable":true,"href":"https:\/\/ibizaruralvillas.com\/de\/wp-json\/wp\/v2\/media\/12122"},{"embeddable":true,"href":"https:\/\/ibizaruralvillas.com\/de\/wp-json\/wp\/v2\/media\/12038"},{"embeddable":true,"href":"https:\/\/ibizaruralvillas.com\/de\/wp-json\/wp\/v2\/media\/12047"},{"embeddable":true,"href":"https:\/\/ibizaruralvillas.com\/de\/wp-json\/wp\/v2\/media\/12035"},{"embeddable":true,"href":"https:\/\/ibizaruralvillas.com\/de\/wp-json\/wp\/v2\/media\/12062"},{"embeddable":true,"href":"https:\/\/ibizaruralvillas.com\/de\/wp-json\/wp\/v2\/media\/12044"}],"wp:featuredmedia":[{"embeddable":true,"href":"https:\/\/ibizaruralvillas.com\/de\/wp-json\/wp\/v2\/media\/12033"}],"wp:attachment":[{"href":"https:\/\/ibizaruralvillas.com\/de\/wp-json\/wp\/v2\/media?parent=13955"}],"wp:term":[{"taxonomy":"location","embeddable":true,"href":"https:\/\/ibizaruralvillas.com\/de\/wp-json\/wp\/v2\/location?post=13955"},{"taxonomy":"alquiler","embeddable":true,"href":"https:\/\/ibizaruralvillas.com\/de\/wp-json\/wp\/v2\/alquiler?post=13955"}],"curies":[{"name":"wp","href":"https:\/\/api.w.org\/{rel}","templated":true}]}}

<h5>Bezaubernde Villa mit <strong>Pool</strong>, <strong>Meerblick</strong> und Blick auf den Sonnenuntergang, nur <strong>4 Minuten zu Fuss zum nächsten Strand</strong>.</h5>
<h5></h5>
<h5>Die Villa ist ebenerdig gebaut, komplett eingezäunt und hat einen <strong>Parkplatz</strong> für 2 Autos, grosser Grillbereich mit Esstisch für <strong>12 Personen</strong> sowie einen Bereich der mit Sofas und Gartenmöbel ausgestattet ist, um bequem den Sonnenuntergang zu geniessen. Die fünf Schlafzimmer sind wie folgt: drei haben Ehebetten, eins hat zwei Einzelbetten, und das grösste hat vier Einzelbetten.</h5>
<h5></h5>
<h5>Alle Schlafzimmer haben ein en-suite Dusch-Badezimmer, TV und Klimaanlage, sowie direkten Ausgang ins Freie. Das grosse Wohnzimmer hat auch TV und Schiebetüren sowie direkten Ausgang zum Pool. Von der komplett ausgestatteten Küche gelangt man zum <strong>Grillbereich</strong> und dem <strong>Pool</strong>.</h5>
<h5></h5>
<h5>Der grosse <strong>Poolbereich</strong> ist mit Sonnenliegen, Sofas und Aussendusche ausgestattet.</h5>
&nbsp;
<h5>Die Touristensteuer ist nicht im Mietpreis enthalten; die Gäste müssen bei der Ankunft 2,20 € pro Person und Tag entrichten.</h5>

San José

Leistungen mit Aufpreis: Extra Reinigung, Wechsel der Bettwäsche / Handtücher / Poolhandtücher während der Woche. Die Touristensteuer ist nicht enthalten; 2,20 € pro Person und Tag.
