{"id":14953,"date":"2023-02-14T14:42:53","date_gmt":"2023-02-14T13:42:53","guid":{"rendered":"https:\/\/irv.abstractioncreative.com\/villa\/can-gio\/"},"modified":"2026-04-22T15:42:59","modified_gmt":"2026-04-22T13:42:59","slug":"can-gio","status":"publish","type":"villa","link":"https:\/\/ibizaruralvillas.com\/de\/miete\/can-gio\/","title":{"rendered":"CAN GIO"},"featured_media":14866,"template":"","meta":{"_acf_changed":false,"site-sidebar-layout":"default","site-content-layout":"default","ast-site-content-layout":"default","site-content-style":"default","site-sidebar-style":"default","ast-global-header-display":"","ast-banner-title-visibility":"","ast-main-header-display":"","ast-hfb-above-header-display":"","ast-hfb-below-header-display":"","ast-hfb-mobile-header-display":"","site-post-title":"","ast-breadcrumbs-content":"","ast-featured-img":"","footer-sml-layout":"","ast-disable-related-posts":"","theme-transparent-header-meta":"default","adv-header-id-meta":"","stick-header-meta":"","header-above-stick-meta":"","header-main-stick-meta":"","header-below-stick-meta":"","astra-migrate-meta-layouts":"set","ast-page-background-enabled":"default","ast-page-background-meta":{"desktop":{"background-color":"var(--ast-global-color-4)","background-image":"","background-repeat":"repeat","background-position":"center center","background-size":"auto","background-attachment":"scroll","background-type":"","background-media":"","overlay-type":"","overlay-color":"","overlay-opacity":"","overlay-gradient":""},"tablet":{"background-color":"","background-image":"","background-repeat":"repeat","background-position":"center center","background-size":"auto","background-attachment":"scroll","background-type":"","background-media":"","overlay-type":"","overlay-color":"","overlay-opacity":"","overlay-gradient":""},"mobile":{"background-color":"","background-image":"","background-repeat":"repeat","background-position":"center center","background-size":"auto","background-attachment":"scroll","background-type":"","background-media":"","overlay-type":"","overlay-color":"","overlay-opacity":"","overlay-gradient":""}},"ast-content-background-meta":{"desktop":{"background-color":"var(--ast-global-color-5)","background-image":"","background-repeat":"repeat","background-position":"center center","background-size":"auto","background-attachment":"scroll","background-type":"","background-media":"","overlay-type":"","overlay-color":"","overlay-opacity":"","overlay-gradient":""},"tablet":{"background-color":"var(--ast-global-color-5)","background-image":"","background-repeat":"repeat","background-position":"center center","background-size":"auto","background-attachment":"scroll","background-type":"","background-media":"","overlay-type":"","overlay-color":"","overlay-opacity":"","overlay-gradient":""},"mobile":{"background-color":"var(--ast-global-color-5)","background-image":"","background-repeat":"repeat","background-position":"center center","background-size":"auto","background-attachment":"scroll","background-type":"","background-media":"","overlay-type":"","overlay-color":"","overlay-opacity":"","overlay-gradient":""}},"_joinchat":[]},"location":[310,244,249,291],"alquiler":[],"class_list":["post-14953","villa","type-villa","status-publish","has-post-thumbnail","hentry","location-can-furnet-de","location-ibiza-de","location-jesus-de","location-talamanca-de"],"acf":{"sub_title":"<p class=\"MsoNormal\"><span style=\"font-size: 10.0pt; line-height: 115%;\">ESFCTU000007036000093714000000000000000000ETV-1615-E5 Ref. Can Bufi<\/span><\/p>","gallery":[14864,14867,14870,14873,14876,14879,14882,14885,14888,14891,14894,14897,14900,14903,14906,14909,14912,14915,14918,14921,14924,14927,14930,14933,14936,14939,14942,14945,14948],"guests":12,"bedrooms":6,"bathrooms":4,"popular_amenities":["air_conditioning","calefaction","wifi","satellite_tv","stereo","fireplace"],"electrodomestics":["electric_coffee_maker","kettle","washing_machine","dishwasher","iron","hair_dryer","ironing_board","toaster","hob"],"interior":["bathtub","shower","linens","towels","pool_towels"],"exterior":["garden_furniture","parking","swimming_pool","parasols","deckchairs"],"description":"<h5>Sch\u00f6ne Finca in der N\u00e4he von Ibiza-Stadt. Das Haus ist im traditionellen Stil erbaut und befindet sich in einer ruhigen Umgebung zwischen Santa Eularia und Ibiza.<\/h5>\r\n<h5>Das Anwesen besteht aus einem Haupthaus und einem G\u00e4stehaus, ideal f\u00fcr Besucher oder eine gro\u00dfe Familie.\r\nDas Haupthaus verf\u00fcgt \u00fcber 4 Doppelzimmer und 3 B\u00e4der, zwei davon sind en-suite.<\/h5>\r\n<h5>Das G\u00e4stehaus hat 2 Schlafzimmer und ein gemeinsames Bad.<\/h5>\r\n<h5>Sowohl das Haupthaus als auch das G\u00e4stehaus haben eine eigene, voll ausgestattete K\u00fcche.<\/h5>\r\n<h5>*In der Neben- und Zwischensaison ist es m\u00f6glich, weniger als eine Woche zu buchen. Es gibt einen Aufschlag f\u00fcr 4 &amp; 5 N\u00e4chte Buchungen.<\/h5>","nearby_places":[{"place":"Ibiza Puerto","distance":"8"},{"place":"Ibiza Golf","distance":"5,5"},{"place":"Santa Eularia","distance":"7"},{"place":"Cala Llonga ","distance":"5"},{"place":"Talamanca","distance":"6,5"},{"place":"Jesus","distance":"4"}],"conditions":{"minimum_stay":4,"check_in":"16:00h","check_out":"10:00h","cleaning":"Reinigung zweimal pro Woche ist im Preis inclusive.","deposit":"\u20ac1500","extras":"Leistungen mit Aufpreis: Extra Reinigung, Wechsel der Bettw\u00e4sche \/ Handt\u00fccher \/ Poolhandt\u00fccher w\u00e4hrend der Woche."},"welcome_pack":"yes","booking_widget":"[wpbs id=\"77\" title=\"yes\" legend=\"yes\" legend_position=\"side\" display=\"2\" year=\"0\" month=\"0\" language=\"auto\" start=\"1\" dropdown=\"yes\" jump=\"no\" history=\"1\" tooltip=\"1\" highlighttoday=\"no\" weeknumbers=\"no\" show_prices=\"yes\" form_id=\"62\" form_position=\"bottom\" auto_pending=\"no\" selection_type=\"multiple\" selection_style=\"split\" minimum_days=\"4\" maximum_days=\"0\" booking_start_day=\"0\" booking_end_day=\"0\" show_date_selection=\"yes\"]","calendar_id":"","form_id":""},"featured_image_src":"https:\/\/ibizaruralvillas.com\/wp-content\/uploads\/2023\/02\/villa-ibiza-can-furnet-1-1024x709.jpg","villa_price":"","locations":[{"term_id":310,"name":"Can Furnet","slug":"can-furnet-de","term_group":0,"term_taxonomy_id":310,"taxonomy":"location","description":"","parent":799,"count":1,"filter":"raw"},{"term_id":244,"name":"Ibiza","slug":"ibiza-de","term_group":0,"term_taxonomy_id":244,"taxonomy":"location","description":"","parent":799,"count":3,"filter":"raw"},{"term_id":249,"name":"Jes\u00fas","slug":"jesus-de","term_group":0,"term_taxonomy_id":249,"taxonomy":"location","description":"","parent":799,"count":1,"filter":"raw"},{"term_id":291,"name":"Talamanca","slug":"talamanca-de","term_group":0,"term_taxonomy_id":291,"taxonomy":"location","description":"","parent":797,"count":2,"filter":"raw"}],"has_booking_calendar":false,"_links":{"self":[{"href":"https:\/\/ibizaruralvillas.com\/de\/wp-json\/wp\/v2\/villa\/14953","targetHints":{"allow":["GET"]}}],"collection":[{"href":"https:\/\/ibizaruralvillas.com\/de\/wp-json\/wp\/v2\/villa"}],"about":[{"href":"https:\/\/ibizaruralvillas.com\/de\/wp-json\/wp\/v2\/types\/villa"}],"acf:attachment":[{"embeddable":true,"href":"https:\/\/ibizaruralvillas.com\/de\/wp-json\/wp\/v2\/media\/14948"},{"embeddable":true,"href":"https:\/\/ibizaruralvillas.com\/de\/wp-json\/wp\/v2\/media\/14945"},{"embeddable":true,"href":"https:\/\/ibizaruralvillas.com\/de\/wp-json\/wp\/v2\/media\/14942"},{"embeddable":true,"href":"https:\/\/ibizaruralvillas.com\/de\/wp-json\/wp\/v2\/media\/14939"},{"embeddable":true,"href":"https:\/\/ibizaruralvillas.com\/de\/wp-json\/wp\/v2\/media\/14936"},{"embeddable":true,"href":"https:\/\/ibizaruralvillas.com\/de\/wp-json\/wp\/v2\/media\/14933"},{"embeddable":true,"href":"https:\/\/ibizaruralvillas.com\/de\/wp-json\/wp\/v2\/media\/14930"},{"embeddable":true,"href":"https:\/\/ibizaruralvillas.com\/de\/wp-json\/wp\/v2\/media\/14927"},{"embeddable":true,"href":"https:\/\/ibizaruralvillas.com\/de\/wp-json\/wp\/v2\/media\/14924"},{"embeddable":true,"href":"https:\/\/ibizaruralvillas.com\/de\/wp-json\/wp\/v2\/media\/14921"},{"embeddable":true,"href":"https:\/\/ibizaruralvillas.com\/de\/wp-json\/wp\/v2\/media\/14918"},{"embeddable":true,"href":"https:\/\/ibizaruralvillas.com\/de\/wp-json\/wp\/v2\/media\/14915"},{"embeddable":true,"href":"https:\/\/ibizaruralvillas.com\/de\/wp-json\/wp\/v2\/media\/14912"},{"embeddable":true,"href":"https:\/\/ibizaruralvillas.com\/de\/wp-json\/wp\/v2\/media\/14909"},{"embeddable":true,"href":"https:\/\/ibizaruralvillas.com\/de\/wp-json\/wp\/v2\/media\/14906"},{"embeddable":true,"href":"https:\/\/ibizaruralvillas.com\/de\/wp-json\/wp\/v2\/media\/14903"},{"embeddable":true,"href":"https:\/\/ibizaruralvillas.com\/de\/wp-json\/wp\/v2\/media\/14900"},{"embeddable":true,"href":"https:\/\/ibizaruralvillas.com\/de\/wp-json\/wp\/v2\/media\/14897"},{"embeddable":true,"href":"https:\/\/ibizaruralvillas.com\/de\/wp-json\/wp\/v2\/media\/14894"},{"embeddable":true,"href":"https:\/\/ibizaruralvillas.com\/de\/wp-json\/wp\/v2\/media\/14891"},{"embeddable":true,"href":"https:\/\/ibizaruralvillas.com\/de\/wp-json\/wp\/v2\/media\/14888"},{"embeddable":true,"href":"https:\/\/ibizaruralvillas.com\/de\/wp-json\/wp\/v2\/media\/14885"},{"embeddable":true,"href":"https:\/\/ibizaruralvillas.com\/de\/wp-json\/wp\/v2\/media\/14882"},{"embeddable":true,"href":"https:\/\/ibizaruralvillas.com\/de\/wp-json\/wp\/v2\/media\/14879"},{"embeddable":true,"href":"https:\/\/ibizaruralvillas.com\/de\/wp-json\/wp\/v2\/media\/14876"},{"embeddable":true,"href":"https:\/\/ibizaruralvillas.com\/de\/wp-json\/wp\/v2\/media\/14873"},{"embeddable":true,"href":"https:\/\/ibizaruralvillas.com\/de\/wp-json\/wp\/v2\/media\/14870"},{"embeddable":true,"href":"https:\/\/ibizaruralvillas.com\/de\/wp-json\/wp\/v2\/media\/14867"},{"embeddable":true,"href":"https:\/\/ibizaruralvillas.com\/de\/wp-json\/wp\/v2\/media\/14864"}],"wp:featuredmedia":[{"embeddable":true,"href":"https:\/\/ibizaruralvillas.com\/de\/wp-json\/wp\/v2\/media\/14866"}],"wp:attachment":[{"href":"https:\/\/ibizaruralvillas.com\/de\/wp-json\/wp\/v2\/media?parent=14953"}],"wp:term":[{"taxonomy":"location","embeddable":true,"href":"https:\/\/ibizaruralvillas.com\/de\/wp-json\/wp\/v2\/location?post=14953"},{"taxonomy":"alquiler","embeddable":true,"href":"https:\/\/ibizaruralvillas.com\/de\/wp-json\/wp\/v2\/alquiler?post=14953"}],"curies":[{"name":"wp","href":"https:\/\/api.w.org\/{rel}","templated":true}]}}

<h5>Schöne Finca in der Nähe von Ibiza-Stadt. Das Haus ist im traditionellen Stil erbaut und befindet sich in einer ruhigen Umgebung zwischen Santa Eularia und Ibiza.</h5>
<h5>Das Anwesen besteht aus einem Haupthaus und einem Gästehaus, ideal für Besucher oder eine große Familie.
Das Haupthaus verfügt über 4 Doppelzimmer und 3 Bäder, zwei davon sind en-suite.</h5>
<h5>Das Gästehaus hat 2 Schlafzimmer und ein gemeinsames Bad.</h5>
<h5>Sowohl das Haupthaus als auch das Gästehaus haben eine eigene, voll ausgestattete Küche.</h5>
<h5>*In der Neben- und Zwischensaison ist es möglich, weniger als eine Woche zu buchen. Es gibt einen Aufschlag für 4 &amp; 5 Nächte Buchungen.</h5>

Leistungen mit Aufpreis: Extra Reinigung, Wechsel der Bettwäsche / Handtücher / Poolhandtücher während der Woche.

Jesús
