{"id":24515,"date":"2023-11-20T12:32:14","date_gmt":"2023-11-20T11:32:14","guid":{"rendered":"https:\/\/ibizaruralvillas.com\/?post_type=villa&#038;p=24515"},"modified":"2026-04-29T16:45:42","modified_gmt":"2026-04-29T14:45:42","slug":"cana-irene","status":"publish","type":"villa","link":"https:\/\/ibizaruralvillas.com\/de\/miete\/cana-irene\/","title":{"rendered":"CANA IRENE"},"featured_media":24413,"template":"","meta":{"_acf_changed":false,"site-sidebar-layout":"default","site-content-layout":"","ast-site-content-layout":"default","site-content-style":"default","site-sidebar-style":"default","ast-global-header-display":"","ast-banner-title-visibility":"","ast-main-header-display":"","ast-hfb-above-header-display":"","ast-hfb-below-header-display":"","ast-hfb-mobile-header-display":"","site-post-title":"","ast-breadcrumbs-content":"","ast-featured-img":"","footer-sml-layout":"","ast-disable-related-posts":"","theme-transparent-header-meta":"default","adv-header-id-meta":"","stick-header-meta":"","header-above-stick-meta":"","header-main-stick-meta":"","header-below-stick-meta":"","astra-migrate-meta-layouts":"set","ast-page-background-enabled":"default","ast-page-background-meta":{"desktop":{"background-color":"var(--ast-global-color-4)","background-image":"","background-repeat":"repeat","background-position":"center center","background-size":"auto","background-attachment":"scroll","background-type":"","background-media":"","overlay-type":"","overlay-color":"","overlay-opacity":"","overlay-gradient":""},"tablet":{"background-color":"","background-image":"","background-repeat":"repeat","background-position":"center center","background-size":"auto","background-attachment":"scroll","background-type":"","background-media":"","overlay-type":"","overlay-color":"","overlay-opacity":"","overlay-gradient":""},"mobile":{"background-color":"","background-image":"","background-repeat":"repeat","background-position":"center center","background-size":"auto","background-attachment":"scroll","background-type":"","background-media":"","overlay-type":"","overlay-color":"","overlay-opacity":"","overlay-gradient":""}},"ast-content-background-meta":{"desktop":{"background-color":"var(--ast-global-color-5)","background-image":"","background-repeat":"repeat","background-position":"center center","background-size":"auto","background-attachment":"scroll","background-type":"","background-media":"","overlay-type":"","overlay-color":"","overlay-opacity":"","overlay-gradient":""},"tablet":{"background-color":"var(--ast-global-color-5)","background-image":"","background-repeat":"repeat","background-position":"center center","background-size":"auto","background-attachment":"scroll","background-type":"","background-media":"","overlay-type":"","overlay-color":"","overlay-opacity":"","overlay-gradient":""},"mobile":{"background-color":"var(--ast-global-color-5)","background-image":"","background-repeat":"repeat","background-position":"center center","background-size":"auto","background-attachment":"scroll","background-type":"","background-media":"","overlay-type":"","overlay-color":"","overlay-opacity":"","overlay-gradient":""}},"_joinchat":[]},"location":[253,255],"alquiler":[],"class_list":["post-24515","villa","type-villa","status-publish","has-post-thumbnail","hentry","location-cala-bassa-de","location-cala-conta-de"],"acf":{"sub_title":"<span style=\"font-size: 10.0pt; line-height: 115%;\">ESFCTU000007010000572851000000000000000000000ET0603E7 Ref. Irene<\/span>","gallery":[24411,24417,24420,24423,24426,24432,24435,24438,24441,24444,24447,24450,24453,24456,24459,24462,24465,24468,24471,24474,24477,24480,24483,24486,24489,24492,24495,24501,24504],"guests":5,"bedrooms":3,"bathrooms":2,"popular_amenities":["air_conditioning","wifi","smart_tv"],"electrodomestics":["electric_coffee_maker","kettle","washing_machine","dishwasher","iron","hair_dryer","dryer","ironing_board","toaster"],"interior":["shower","linens","towels","pool_towels"],"exterior":["barbecue","garden_furniture","parking","swimming_pool","parasols","deckchairs"],"description":"<h5>Sch\u00f6nes und komfortables <strong>Landhaus mit Schwimmbad<\/strong>, komplett eingez\u00e4unt, nur 2 km vom Strand <strong>Cala Bassa<\/strong> im S\u00fcdosten von Ibiza, umgeben von Natur und mit Meerblick.\r\nEs hat <strong>3 Schlafzimmer<\/strong>, zwei mit Doppelbetten und eines mit zwei Einzelbetten, <strong>2 B\u00e4der mit Dusche<\/strong>, eines davon en suite. Es hat eine voll ausgestattete K\u00fcche und ein Wohn-Esszimmer mit Zugang zur Veranda, den Terrassen und dem Swimmingpool.\r\nDer Au\u00dfenbereich des Hauses hat eine <strong>gro\u00dfe Terrasse<\/strong> rund um den <strong>Swimmingpool<\/strong>, einen <strong>Grillplatz<\/strong> und eine gro\u00dfe <strong>Veranda<\/strong>. Die Veranda ist mit Gartenm\u00f6beln und einem Tisch ausgestattet, um das Fr\u00fchst\u00fcck im Freien zu genie\u00dfen; im Poolbereich gibt es Sofas und 6 Sonnenliegen und im Grillbereich gibt es einen Tisch mit St\u00fchlen f\u00fcr 6 Personen.\r\nEs ist ein <strong>Haus ohne Nachbarn<\/strong>, ruhig und mit viel <strong>Privatsph\u00e4re<\/strong>, aber nicht isoliert. Der n\u00e4chste Strand, Cala Bassa, ist nur 2 km entfernt und der n\u00e4chste Supermarkt 1,5 km. Es hat eine <strong>privilegierte Lage<\/strong> aufgrund der N\u00e4he von anderen Str\u00e4nden im S\u00fcdosten wie: <strong>Cala Conta<\/strong>, ber\u00fchmt f\u00fcr die sch\u00f6nsten Sonnenunterg\u00e4nge auf Ibiza, ist nur 5km entfernt und weniger als 10 Minuten entfernt andere nahe gelegene Str\u00e4nde, nicht weniger sch\u00f6n, wie: <strong>Cala Tarida<\/strong>, <strong>Cala Moli<\/strong>, <strong>Cala Vadella<\/strong>.<\/h5>","nearby_places":[{"place":"Cala Bassa","distance":"2"},{"place":"Port des Torrent","distance":"2,6"},{"place":"Cala Conta ","distance":"5"},{"place":"Cala Tarida","distance":"4,5"},{"place":"Cala Moli","distance":"6"},{"place":"Cala Vadella","distance":"10"},{"place":"San Jose","distance":"7"},{"place":"Ibiza","distance":"20"},{"place":"Flughafen","distance":"18"}],"conditions":{"minimum_stay":5,"check_in":"16:00h","check_out":"10:00h","cleaning":"Die Endreinigung ist im Preis inbegriffen.","deposit":"\u20ac700","extras":"Leistungen mit Aufpreis: Extra Reinigung, Koch, Haush\u00e4lterin, Fahrer, Sicherheitsdienst."},"welcome_pack":"yes","booking_widget":"[wpbs id=\"100\" title=\"yes\" legend=\"yes\" legend_position=\"side\" display=\"2\" year=\"0\" month=\"0\" language=\"auto\" start=\"1\" dropdown=\"yes\" jump=\"no\" history=\"1\" tooltip=\"1\" highlighttoday=\"no\" weeknumbers=\"no\" show_prices=\"yes\" form_id=\"97\" form_position=\"bottom\" auto_pending=\"yes\" selection_type=\"multiple\" selection_style=\"split\" minimum_days=\"0\" maximum_days=\"0\" booking_start_day=\"0\" booking_end_day=\"0\" show_date_selection=\"yes\"]","calendar_id":"","form_id":""},"featured_image_src":"https:\/\/ibizaruralvillas.com\/wp-content\/uploads\/2023\/11\/villa-ibiza-cana-irene-1-1024x683.jpg","villa_price":"","locations":[{"term_id":253,"name":"Cala Bassa","slug":"cala-bassa-de","term_group":0,"term_taxonomy_id":253,"taxonomy":"location","description":"","parent":797,"count":6,"filter":"raw"},{"term_id":255,"name":"Cala Conta","slug":"cala-conta-de","term_group":0,"term_taxonomy_id":255,"taxonomy":"location","description":"","parent":797,"count":5,"filter":"raw"}],"has_booking_calendar":true,"_links":{"self":[{"href":"https:\/\/ibizaruralvillas.com\/de\/wp-json\/wp\/v2\/villa\/24515","targetHints":{"allow":["GET"]}}],"collection":[{"href":"https:\/\/ibizaruralvillas.com\/de\/wp-json\/wp\/v2\/villa"}],"about":[{"href":"https:\/\/ibizaruralvillas.com\/de\/wp-json\/wp\/v2\/types\/villa"}],"acf:attachment":[{"embeddable":true,"href":"https:\/\/ibizaruralvillas.com\/de\/wp-json\/wp\/v2\/media\/24504"},{"embeddable":true,"href":"https:\/\/ibizaruralvillas.com\/de\/wp-json\/wp\/v2\/media\/24501"},{"embeddable":true,"href":"https:\/\/ibizaruralvillas.com\/de\/wp-json\/wp\/v2\/media\/24495"},{"embeddable":true,"href":"https:\/\/ibizaruralvillas.com\/de\/wp-json\/wp\/v2\/media\/24492"},{"embeddable":true,"href":"https:\/\/ibizaruralvillas.com\/de\/wp-json\/wp\/v2\/media\/24489"},{"embeddable":true,"href":"https:\/\/ibizaruralvillas.com\/de\/wp-json\/wp\/v2\/media\/24486"},{"embeddable":true,"href":"https:\/\/ibizaruralvillas.com\/de\/wp-json\/wp\/v2\/media\/24483"},{"embeddable":true,"href":"https:\/\/ibizaruralvillas.com\/de\/wp-json\/wp\/v2\/media\/24480"},{"embeddable":true,"href":"https:\/\/ibizaruralvillas.com\/de\/wp-json\/wp\/v2\/media\/24477"},{"embeddable":true,"href":"https:\/\/ibizaruralvillas.com\/de\/wp-json\/wp\/v2\/media\/24474"},{"embeddable":true,"href":"https:\/\/ibizaruralvillas.com\/de\/wp-json\/wp\/v2\/media\/24471"},{"embeddable":true,"href":"https:\/\/ibizaruralvillas.com\/de\/wp-json\/wp\/v2\/media\/24468"},{"embeddable":true,"href":"https:\/\/ibizaruralvillas.com\/de\/wp-json\/wp\/v2\/media\/24465"},{"embeddable":true,"href":"https:\/\/ibizaruralvillas.com\/de\/wp-json\/wp\/v2\/media\/24462"},{"embeddable":true,"href":"https:\/\/ibizaruralvillas.com\/de\/wp-json\/wp\/v2\/media\/24459"},{"embeddable":true,"href":"https:\/\/ibizaruralvillas.com\/de\/wp-json\/wp\/v2\/media\/24456"},{"embeddable":true,"href":"https:\/\/ibizaruralvillas.com\/de\/wp-json\/wp\/v2\/media\/24453"},{"embeddable":true,"href":"https:\/\/ibizaruralvillas.com\/de\/wp-json\/wp\/v2\/media\/24450"},{"embeddable":true,"href":"https:\/\/ibizaruralvillas.com\/de\/wp-json\/wp\/v2\/media\/24447"},{"embeddable":true,"href":"https:\/\/ibizaruralvillas.com\/de\/wp-json\/wp\/v2\/media\/24444"},{"embeddable":true,"href":"https:\/\/ibizaruralvillas.com\/de\/wp-json\/wp\/v2\/media\/24441"},{"embeddable":true,"href":"https:\/\/ibizaruralvillas.com\/de\/wp-json\/wp\/v2\/media\/24438"},{"embeddable":true,"href":"https:\/\/ibizaruralvillas.com\/de\/wp-json\/wp\/v2\/media\/24435"},{"embeddable":true,"href":"https:\/\/ibizaruralvillas.com\/de\/wp-json\/wp\/v2\/media\/24432"},{"embeddable":true,"href":"https:\/\/ibizaruralvillas.com\/de\/wp-json\/wp\/v2\/media\/24426"},{"embeddable":true,"href":"https:\/\/ibizaruralvillas.com\/de\/wp-json\/wp\/v2\/media\/24423"},{"embeddable":true,"href":"https:\/\/ibizaruralvillas.com\/de\/wp-json\/wp\/v2\/media\/24420"},{"embeddable":true,"href":"https:\/\/ibizaruralvillas.com\/de\/wp-json\/wp\/v2\/media\/24417"},{"embeddable":true,"href":"https:\/\/ibizaruralvillas.com\/de\/wp-json\/wp\/v2\/media\/24411"}],"wp:featuredmedia":[{"embeddable":true,"href":"https:\/\/ibizaruralvillas.com\/de\/wp-json\/wp\/v2\/media\/24413"}],"wp:attachment":[{"href":"https:\/\/ibizaruralvillas.com\/de\/wp-json\/wp\/v2\/media?parent=24515"}],"wp:term":[{"taxonomy":"location","embeddable":true,"href":"https:\/\/ibizaruralvillas.com\/de\/wp-json\/wp\/v2\/location?post=24515"},{"taxonomy":"alquiler","embeddable":true,"href":"https:\/\/ibizaruralvillas.com\/de\/wp-json\/wp\/v2\/alquiler?post=24515"}],"curies":[{"name":"wp","href":"https:\/\/api.w.org\/{rel}","templated":true}]}}

<h5>Schönes und komfortables <strong>Landhaus mit Schwimmbad</strong>, komplett eingezäunt, nur 2 km vom Strand <strong>Cala Bassa</strong> im Südosten von Ibiza, umgeben von Natur und mit Meerblick.
Es hat <strong>3 Schlafzimmer</strong>, zwei mit Doppelbetten und eines mit zwei Einzelbetten, <strong>2 Bäder mit Dusche</strong>, eines davon en suite. Es hat eine voll ausgestattete Küche und ein Wohn-Esszimmer mit Zugang zur Veranda, den Terrassen und dem Swimmingpool.
Der Außenbereich des Hauses hat eine <strong>große Terrasse</strong> rund um den <strong>Swimmingpool</strong>, einen <strong>Grillplatz</strong> und eine große <strong>Veranda</strong>. Die Veranda ist mit Gartenmöbeln und einem Tisch ausgestattet, um das Frühstück im Freien zu genießen; im Poolbereich gibt es Sofas und 6 Sonnenliegen und im Grillbereich gibt es einen Tisch mit Stühlen für 6 Personen.
Es ist ein <strong>Haus ohne Nachbarn</strong>, ruhig und mit viel <strong>Privatsphäre</strong>, aber nicht isoliert. Der nächste Strand, Cala Bassa, ist nur 2 km entfernt und der nächste Supermarkt 1,5 km. Es hat eine <strong>privilegierte Lage</strong> aufgrund der Nähe von anderen Stränden im Südosten wie: <strong>Cala Conta</strong>, berühmt für die schönsten Sonnenuntergänge auf Ibiza, ist nur 5km entfernt und weniger als 10 Minuten entfernt andere nahe gelegene Strände, nicht weniger schön, wie: <strong>Cala Tarida</strong>, <strong>Cala Moli</strong>, <strong>Cala Vadella</strong>.</h5>

Leistungen mit Aufpreis: Extra Reinigung, Koch, Haushälterin, Fahrer, Sicherheitsdienst.
